Last updated on 2024-04-18 22:52:56 CEST.
Flavor | Version | Tinstall | Tcheck | Ttotal | Status | Flags |
---|---|---|---|---|---|---|
r-devel-linux-x86_64-debian-clang | 0.2.4 | 89.23 | 57.80 | 147.03 | WARN | |
r-devel-linux-x86_64-debian-gcc | 0.2.4 | 70.80 | 45.19 | 115.99 | OK | |
r-devel-linux-x86_64-fedora-clang | 0.2.4 | 188.37 | OK | |||
r-devel-linux-x86_64-fedora-gcc | 0.2.4 | 233.39 | OK | |||
r-prerel-macos-arm64 | 0.2.4 | 50.00 | NOTE | |||
r-prerel-windows-x86_64 | 0.2.4 | 68.00 | 82.00 | 150.00 | NOTE | |
r-patched-linux-x86_64 | 0.2.4 | 91.75 | 59.16 | 150.91 | OK | |
r-release-linux-x86_64 | 0.2.4 | 95.35 | 57.46 | 152.81 | OK | |
r-release-macos-arm64 | 0.2.4 | 66.00 | NOTE | |||
r-release-macos-x86_64 | 0.2.4 | 102.00 | NOTE | |||
r-release-windows-x86_64 | 0.2.4 | 79.00 | 88.00 | 167.00 | NOTE | |
r-oldrel-macos-arm64 | 0.2.4 | 64.00 | NOTE | |||
r-oldrel-windows-x86_64 | 0.2.4 | 78.00 | 93.00 | 171.00 | NOTE |
Version: 0.2.4
Check: whether package can be installed
Result: WARN
Found the following significant warnings:
/usr/bin/../lib/gcc/x86_64-linux-gnu/14/../../../../include/c++/14/functional:558:2: warning: 'result_of<(lambda at /home/hornik/tmp/R.check/r-devel-clang/Work/build/Packages/RcppThread/include/RcppThread/ThreadPool.hpp:187:24) &()>' is deprecated: use 'std::invoke_result' instead [-Wdeprecated-declarations]
/usr/bin/../lib/gcc/x86_64-linux-gnu/14/../../../../include/c++/14/functional:558:2: warning: 'result_of<std::_Bind<(lambda at /home/hornik/tmp/R.check/r-devel-clang/Work/build/Packages/RcppThread/include/RcppThread/ThreadPool.hpp:187:24) ()> &()>' is deprecated: use 'std::invoke_result' instead [-Wdeprecated-declarations]
/usr/bin/../lib/gcc/x86_64-linux-gnu/14/../../../../include/c++/14/functional:558:2: warning: 'result_of<(lambda at /home/hornik/tmp/R.check/r-devel-clang/Work/build/Packages/RcppThread/include/RcppThread/ThreadPool.hpp:200:24) &()>' is deprecated: use 'std::invoke_result' instead [-Wdeprecated-declarations]
/usr/bin/../lib/gcc/x86_64-linux-gnu/14/../../../../include/c++/14/functional:558:2: warning: 'result_of<std::_Bind<(lambda at /home/hornik/tmp/R.check/r-devel-clang/Work/build/Packages/RcppThread/include/RcppThread/ThreadPool.hpp:200:24) ()> &()>' is deprecated: use 'std::invoke_result' instead [-Wdeprecated-declarations]
See ‘/home/hornik/tmp/R.check/r-devel-clang/Work/PKGS/rethnicity.Rcheck/00install.out’ for details.
* used C++ compiler: ‘Debian clang version 18.1.0 (rc4-1)’
Flavor: r-devel-linux-x86_64-debian-clang
Version: 0.2.4
Check: re-building of vignette outputs
Result: NOTE
Re-building vignettes had CPU time 2.7 times elapsed time
Flavor: r-devel-linux-x86_64-debian-clang
Version: 0.2.4
Check: installed package size
Result: NOTE
installed size is 27.7Mb
sub-directories of 1Mb or more:
include 1.9Mb
libs 24.1Mb
models 1.6Mb
Flavors: r-prerel-macos-arm64, r-prerel-windows-x86_64, r-release-macos-arm64, r-release-macos-x86_64, r-release-windows-x86_64, r-oldrel-macos-arm64, r-oldrel-windows-x86_64