CRAN Package Check Results for Package revdbayes

Last updated on 2017-11-22 22:57:45 CET.

Flavor Version Tinstall Tcheck Ttotal Status Flags
r-devel-linux-x86_64-debian-clang 1.3.1 27.25 339.86 367.11 OK
r-devel-linux-x86_64-debian-gcc 1.3.1 31.12 596.77 627.90 OK
r-devel-linux-x86_64-fedora-clang 1.3.1 692.51 OK
r-devel-linux-x86_64-fedora-gcc 1.3.1 723.30 OK
r-devel-windows-ix86+x86_64 1.3.1 83.00 546.00 629.00 OK
r-patched-linux-x86_64 1.3.1 28.01 349.13 377.14 OK
r-patched-solaris-x86 1.3.1 380.60 NOTE
r-release-linux-x86_64 1.3.1 27.98 348.70 376.68 OK
r-release-windows-ix86+x86_64 1.3.1 84.00 572.00 656.00 OK
r-release-osx-x86_64 1.3.1 OK
r-oldrel-windows-ix86+x86_64 1.3.1 86.00 721.00 807.00 OK
r-oldrel-osx-x86_64 1.3.1 OK

Check Details

Version: 1.3.1
Check: package dependencies
Result: NOTE
    Package suggested but not available for checking: ‘microbenchmark’
Flavor: r-patched-solaris-x86