CRAN Package Check Results for Package reverseR

Last updated on 2023-02-07 23:07:58 CET.

Flavor Version Tinstall Tcheck Ttotal Status Flags
r-devel-linux-x86_64-debian-clang 0.1 4.70 65.00 69.70 NOTE
r-devel-linux-x86_64-debian-gcc 0.1 4.39 49.46 53.85 NOTE
r-devel-linux-x86_64-fedora-clang 0.1 87.10 NOTE
r-devel-linux-x86_64-fedora-gcc 0.1 86.42 NOTE
r-devel-windows-x86_64 0.1 20.00 93.00 113.00 NOTE
r-patched-linux-x86_64 0.1 3.64 65.30 68.94 NOTE
r-release-linux-x86_64 0.1 3.70 65.53 69.23 NOTE
r-release-macos-arm64 0.1 23.00 NOTE
r-release-macos-x86_64 0.1 50.00 NOTE
r-release-windows-x86_64 0.1 24.00 98.00 122.00 NOTE
r-oldrel-macos-arm64 0.1 28.00 NOTE
r-oldrel-macos-x86_64 0.1 44.00 NOTE
r-oldrel-windows-ix86+x86_64 0.1 15.00 94.00 109.00 NOTE

Check Details

Version: 0.1
Check: LazyData
Result: NOTE
     'LazyData' is specified without a 'data' directory
Flavors: r-devel-linux-x86_64-debian-clang, r-devel-linux-x86_64-debian-gcc, r-devel-linux-x86_64-fedora-clang, r-devel-linux-x86_64-fedora-gcc, r-devel-windows-x86_64, r-patched-linux-x86_64, r-release-linux-x86_64, r-release-macos-arm64, r-release-macos-x86_64, r-release-windows-x86_64, r-oldrel-macos-arm64, r-oldrel-macos-x86_64, r-oldrel-windows-ix86+x86_64

Version: 0.1
Check: dependencies in R code
Result: NOTE
    Namespace in Imports field not imported from: ‘DT’
     All declared Imports should be used.
Flavors: r-devel-linux-x86_64-fedora-clang, r-devel-linux-x86_64-fedora-gcc, r-release-macos-arm64, r-release-macos-x86_64, r-oldrel-macos-arm64, r-oldrel-macos-x86_64