Last updated on 2024-04-17 23:00:06 CEST.
Flavor | Version | Tinstall | Tcheck | Ttotal | Status | Flags |
---|---|---|---|---|---|---|
r-devel-linux-x86_64-debian-clang | 1.0.6 | 2.18 | 23.44 | 25.62 | OK | |
r-devel-linux-x86_64-debian-gcc | 1.0.6 | 1.70 | 18.66 | 20.36 | OK | |
r-devel-linux-x86_64-fedora-clang | 1.0.6 | 32.49 | NOTE | |||
r-devel-linux-x86_64-fedora-gcc | 1.0.6 | 30.62 | OK | |||
r-prerel-macos-arm64 | 1.0.6 | 14.00 | OK | |||
r-prerel-macos-x86_64 | 1.0.6 | 30.00 | OK | |||
r-prerel-windows-x86_64 | 1.0.6 | 3.00 | 40.00 | 43.00 | OK | |
r-patched-linux-x86_64 | 1.0.6 | 2.31 | 23.10 | 25.41 | OK | |
r-release-linux-x86_64 | 1.0.6 | 1.70 | 22.89 | 24.59 | OK | |
r-release-macos-arm64 | 1.0.6 | 20.00 | OK | |||
r-release-macos-x86_64 | 1.0.6 | 28.00 | OK | |||
r-release-windows-x86_64 | 1.0.6 | 2.00 | 40.00 | 42.00 | OK | |
r-oldrel-macos-arm64 | 1.0.6 | 21.00 | OK | |||
r-oldrel-windows-x86_64 | 1.0.6 | 4.00 | 45.00 | 49.00 | OK |
Version: 1.0.6
Check: Rd cross-references
Result: NOTE
Undeclared package ‘robustbase’ in Rd xrefs
Flavor: r-devel-linux-x86_64-fedora-clang