CRAN Package Check Results for Package rfPermute

Last updated on 2019-06-23 22:49:02 CEST.

Flavor Version Tinstall Tcheck Ttotal Status Flags
r-devel-linux-x86_64-debian-clang 2.1.7 9.34 101.37 110.71 OK
r-devel-linux-x86_64-debian-gcc 2.1.7 8.21 79.13 87.34 OK
r-devel-linux-x86_64-fedora-clang 2.1.7 135.74 NOTE
r-devel-linux-x86_64-fedora-gcc 2.1.7 122.17 NOTE
r-devel-windows-ix86+x86_64 2.1.7 36.00 121.00 157.00 OK
r-patched-linux-x86_64 2.1.7 8.71 98.30 107.01 OK
r-patched-solaris-x86 2.1.7 202.20 NOTE
r-release-linux-x86_64 2.1.7 10.40 97.69 108.09 OK
r-release-windows-ix86+x86_64 2.1.7 21.00 161.00 182.00 OK
r-release-osx-x86_64 2.1.7 NOTE
r-oldrel-windows-ix86+x86_64 2.1.7 14.00 152.00 166.00 OK
r-oldrel-osx-x86_64 2.1.7 NOTE

Check Details

Version: 2.1.7
Check: dependencies in R code
Result: NOTE
    Namespace in Imports field not imported from: ‘plyr’
     All declared Imports should be used.
Flavors: r-devel-linux-x86_64-fedora-clang, r-devel-linux-x86_64-fedora-gcc, r-patched-solaris-x86, r-release-osx-x86_64, r-oldrel-osx-x86_64