CRAN Package Check Results for Package rfPermute

Last updated on 2019-09-14 22:48:35 CEST.

Flavor Version Tinstall Tcheck Ttotal Status Flags
r-devel-linux-x86_64-debian-clang 2.1.7 10.65 101.69 112.34 OK
r-devel-linux-x86_64-debian-gcc 2.1.7 8.96 79.51 88.47 OK
r-devel-linux-x86_64-fedora-clang 2.1.7 135.51 NOTE
r-devel-linux-x86_64-fedora-gcc 2.1.7 130.92 NOTE
r-devel-windows-ix86+x86_64 2.1.7 31.00 109.00 140.00 OK
r-patched-linux-x86_64 2.1.7 10.57 98.17 108.74 OK
r-patched-solaris-x86 2.1.7 191.40 NOTE
r-release-linux-x86_64 2.1.7 9.25 98.08 107.33 OK
r-release-windows-ix86+x86_64 2.1.7 23.00 146.00 169.00 OK
r-release-osx-x86_64 2.1.7 NOTE
r-oldrel-windows-ix86+x86_64 2.1.7 16.00 155.00 171.00 OK
r-oldrel-osx-x86_64 2.1.7 NOTE

Check Details

Version: 2.1.7
Check: dependencies in R code
Result: NOTE
    Namespace in Imports field not imported from: ‘plyr’
     All declared Imports should be used.
Flavors: r-devel-linux-x86_64-fedora-clang, r-devel-linux-x86_64-fedora-gcc, r-patched-solaris-x86, r-release-osx-x86_64, r-oldrel-osx-x86_64