CRAN Package Check Results for Package rfbCNPJ

Last updated on 2019-12-10 22:49:46 CET.

Flavor Version Tinstall Tcheck Ttotal Status Flags
r-devel-linux-x86_64-debian-clang 0.1.1 1.94 18.59 20.53 OK
r-devel-linux-x86_64-debian-gcc 0.1.1 1.74 15.00 16.74 OK
r-devel-linux-x86_64-fedora-clang 0.1.1 25.65 NOTE
r-devel-linux-x86_64-fedora-gcc 0.1.1 26.47 NOTE
r-devel-windows-ix86+x86_64 0.1.1 6.00 50.00 56.00 OK
r-devel-windows-ix86+x86_64-gcc8 0.1.1 6.00 46.00 52.00 OK
r-patched-linux-x86_64 0.1.1 1.53 17.49 19.02 OK
r-patched-solaris-x86 0.1.1 37.30 NOTE
r-release-linux-x86_64 0.1.1 1.38 17.69 19.07 OK
r-release-windows-ix86+x86_64 0.1.1 4.00 31.00 35.00 OK
r-release-osx-x86_64 0.1.1 NOTE
r-oldrel-windows-ix86+x86_64 0.1.1 2.00 29.00 31.00 OK
r-oldrel-osx-x86_64 0.1.1 NOTE

Check Details

Version: 0.1.1
Check: data for non-ASCII characters
Result: NOTE
     Note: found 27 marked UTF-8 strings
Flavors: r-devel-linux-x86_64-fedora-clang, r-devel-linux-x86_64-fedora-gcc, r-patched-solaris-x86, r-release-osx-x86_64, r-oldrel-osx-x86_64