CRAN Package Check Results for Package rfishbase

Last updated on 2021-04-12 22:51:13 CEST.

Flavor Version Tinstall Tcheck Ttotal Status Flags
r-devel-linux-x86_64-debian-clang 3.1.6 10.94 73.48 84.42 OK
r-devel-linux-x86_64-debian-gcc 3.1.7 8.71 55.11 63.82 OK
r-devel-linux-x86_64-fedora-clang 3.1.7 116.04 NOTE
r-devel-linux-x86_64-fedora-gcc 3.1.7 96.56 NOTE
r-devel-windows-ix86+x86_64 3.1.7 22.00 97.00 119.00 OK
r-devel-windows-x86_64-gcc10-UCRT 3.1.7 NOTE
r-patched-linux-x86_64 3.1.6 9.79 68.30 78.09 OK
r-patched-solaris-x86 3.1.7 148.20 NOTE
r-release-linux-x86_64 3.1.7 9.64 67.84 77.48 OK
r-release-macos-x86_64 3.1.7 NOTE
r-release-windows-ix86+x86_64 3.1.7 23.00 85.00 108.00 OK
r-oldrel-macos-x86_64 3.1.7 ERROR
r-oldrel-windows-ix86+x86_64 3.1.4 16.00 73.00 89.00 OK

Check Details

Version: 3.1.7
Check: data for non-ASCII characters
Result: NOTE
     Note: found 44 marked UTF-8 strings
Flavors: r-devel-linux-x86_64-fedora-clang, r-devel-linux-x86_64-fedora-gcc, r-devel-windows-x86_64-gcc10-UCRT, r-patched-solaris-x86, r-release-macos-x86_64

Version: 3.1.7
Check: package dependencies
Result: ERROR
    Package required and available but unsuitable version: ‘arkdb’
    
    See section ‘The DESCRIPTION file’ in the ‘Writing R Extensions’
    manual.
Flavor: r-oldrel-macos-x86_64