CRAN Package Check Results for Package rgen

Last updated on 2024-02-24 21:40:31 CET.

Flavor Version Tinstall Tcheck Ttotal Status Flags
r-devel-linux-x86_64-debian-clang 0.0.1 1.36 21.19 22.55 NOTE
r-devel-linux-x86_64-debian-gcc 0.0.1 1.56 17.30 18.86 NOTE
r-devel-linux-x86_64-fedora-clang 0.0.1 30.38 NOTE
r-devel-linux-x86_64-fedora-gcc 0.0.1 40.37 NOTE
r-devel-windows-x86_64 0.0.1 3.00 39.00 42.00 NOTE
r-patched-linux-x86_64 0.0.1 2.01 21.54 23.55 NOTE
r-release-linux-x86_64 0.0.1 1.52 21.19 22.71 NOTE
r-release-macos-arm64 0.0.1 21.00 NOTE
r-release-macos-x86_64 0.0.1 29.00 NOTE
r-release-windows-x86_64 0.0.1 2.00 39.00 41.00 NOTE
r-oldrel-macos-arm64 0.0.1 17.00 NOTE
r-oldrel-windows-x86_64 0.0.1 4.00 45.00 49.00 NOTE

Check Details

Version: 0.0.1
Check: LazyData
Result: NOTE 'LazyData' is specified without a 'data' directory Flavors: r-devel-linux-x86_64-debian-clang, r-devel-linux-x86_64-debian-gcc, r-devel-linux-x86_64-fedora-clang, r-devel-linux-x86_64-fedora-gcc, r-devel-windows-x86_64, r-patched-linux-x86_64, r-release-linux-x86_64, r-release-macos-arm64, r-release-macos-x86_64, r-release-windows-x86_64, r-oldrel-macos-arm64, r-oldrel-windows-x86_64