CRAN Package Check Results for Package rgeos

Last updated on 2019-11-18 22:47:22 CET.

Flavor Version Tinstall Tcheck Ttotal Status Flags
r-devel-linux-x86_64-debian-clang 0.5-2 16.81 58.11 74.92 OK
r-devel-linux-x86_64-debian-gcc 0.5-2 13.09 47.86 60.95 OK
r-devel-linux-x86_64-fedora-clang 0.5-2 87.31 OK
r-devel-linux-x86_64-fedora-gcc 0.5-2 86.56 OK
r-devel-windows-ix86+x86_64 0.5-2 102.00 145.00 247.00 OK
r-patched-linux-x86_64 0.5-2 11.97 55.31 67.28 OK
r-patched-solaris-x86 0.5-2 109.20 OK
r-release-linux-x86_64 0.5-2 12.89 55.44 68.33 OK
r-release-windows-ix86+x86_64 0.5-2 82.00 157.00 239.00 OK
r-release-osx-x86_64 0.5-2 NOTE
r-oldrel-windows-ix86+x86_64 0.5-2 101.00 142.00 243.00 OK
r-oldrel-osx-x86_64 0.5-2 NOTE

Check Details

Version: 0.5-2
Check: installed package size
Result: NOTE
     installed size is 21.7Mb
     sub-directories of 1Mb or more:
     libs 20.9Mb
Flavors: r-release-osx-x86_64, r-oldrel-osx-x86_64