CRAN Package Check Results for Package rgl

Last updated on 2018-08-18 22:54:11 CEST.

Flavor Version Tinstall Tcheck Ttotal Status Flags
r-devel-linux-x86_64-debian-clang 0.99.16 55.64 157.05 212.69 OK
r-devel-linux-x86_64-debian-gcc 0.99.16 42.30 122.04 164.34 OK
r-devel-linux-x86_64-fedora-clang 0.99.16 272.44 NOTE
r-devel-linux-x86_64-fedora-gcc 0.99.16 260.04 OK
r-devel-windows-ix86+x86_64 0.99.16 293.00 276.00 569.00 NOTE
r-patched-linux-x86_64 0.99.16 57.39 155.63 213.02 OK
r-patched-solaris-x86 0.99.16 240.00 WARN
r-release-linux-x86_64 0.99.16 60.58 153.90 214.48 OK
r-release-windows-ix86+x86_64 0.99.16 302.00 205.00 507.00 NOTE
r-release-osx-x86_64 0.99.16 WARN
r-oldrel-windows-ix86+x86_64 0.99.16 211.00 295.00 506.00 NOTE
r-oldrel-osx-x86_64 0.99.16 WARN

Additional issues

valgrind

Check Details

Version: 0.99.16
Check: installed package size
Result: NOTE
     installed size is 10.3Mb
     sub-directories of 1Mb or more:
     doc 3.9Mb
     fonts 1.5Mb
     libs 2.6Mb
Flavors: r-devel-linux-x86_64-fedora-clang, r-devel-windows-ix86+x86_64, r-patched-solaris-x86, r-release-windows-ix86+x86_64, r-release-osx-x86_64, r-oldrel-windows-ix86+x86_64, r-oldrel-osx-x86_64

Version: 0.99.16
Check: re-building of vignette outputs
Result: WARN
    Error in re-building vignettes:
     ...
    Warning in engine$weave(file, quiet = quiet, encoding = enc) :
     Pandoc (>= 1.12.3) and/or pandoc-citeproc not available. Falling back to R Markdown v1.
    Quitting from lines 17-19 (WebGL.Rmd)
    Error: processing vignette 'WebGL.Rmd' failed with diagnostics:
    These vignettes assume pandoc version 1.14; older versions may not work.
    Execution halted
Flavors: r-patched-solaris-x86, r-release-osx-x86_64, r-oldrel-osx-x86_64