CRAN Package Check Results for Package rgl

Last updated on 2018-11-12 22:51:33 CET.

Flavor Version Tinstall Tcheck Ttotal Status Flags
r-devel-linux-x86_64-debian-clang 0.99.16 60.35 160.35 220.70 OK
r-devel-linux-x86_64-debian-gcc 0.99.16 43.64 122.48 166.12 OK
r-devel-linux-x86_64-fedora-clang 0.99.16 276.85 NOTE
r-devel-linux-x86_64-fedora-gcc 0.99.16 259.39 OK
r-devel-windows-ix86+x86_64 0.99.16 189.00 250.00 439.00 NOTE
r-patched-linux-x86_64 0.99.16 56.36 155.81 212.17 OK
r-patched-solaris-x86 0.99.16 244.40 WARN
r-release-linux-x86_64 0.99.16 56.65 155.80 212.45 OK
r-release-windows-ix86+x86_64 0.99.16 320.00 201.00 521.00 NOTE
r-release-osx-x86_64 0.99.16 WARN
r-oldrel-windows-ix86+x86_64 0.99.16 189.00 246.00 435.00 WARN
r-oldrel-osx-x86_64 0.99.16 WARN

Additional issues

rchk valgrind

Check Details

Version: 0.99.16
Check: installed package size
Result: NOTE
     installed size is 10.4Mb
     sub-directories of 1Mb or more:
     doc 3.9Mb
     fonts 1.5Mb
     libs 2.7Mb
Flavors: r-devel-linux-x86_64-fedora-clang, r-devel-windows-ix86+x86_64, r-patched-solaris-x86, r-release-windows-ix86+x86_64, r-release-osx-x86_64, r-oldrel-windows-ix86+x86_64, r-oldrel-osx-x86_64

Version: 0.99.16
Check: re-building of vignette outputs
Result: WARN
    Error in re-building vignettes:
     ...
    Warning in engine$weave(file, quiet = quiet, encoding = enc) :
     Pandoc (>= 1.12.3) and/or pandoc-citeproc not available. Falling back to R Markdown v1.
    Quitting from lines 17-19 (WebGL.Rmd)
    Error: processing vignette 'WebGL.Rmd' failed with diagnostics:
    These vignettes assume pandoc version 1.14; older versions may not work.
    Execution halted
Flavors: r-patched-solaris-x86, r-release-osx-x86_64, r-oldrel-osx-x86_64

Version: 0.99.16
Check: re-building of vignette outputs
Result: WARN
    Error in re-building vignettes:
     ...
    Error: processing vignette 'WebGL.Rmd' failed with diagnostics:
    undefined exports: %s!=%, %s!==%, %s+%, %s<%, %s<=%, %s==%, %s===%, %s>%, %s>=%, %stri!=%, %stri!==%, %stri+%, %stri<%, %stri<=%, %stri==%, %stri===%, %stri>%, %stri>=%, stri_datetime_add<-, stri_sub<-, stri_subset<-, stri_subset_charclass<-, stri_subset_coll<-, stri_subset_fixed<-, stri_subset_regex<-, stri_c, stri_c_list, stri_cmp, stri_cmp_eq, stri_cmp_equiv, stri_cmp_ge, stri_cmp_gt, stri_cmp_le, stri_cmp_lt, stri_cmp_neq, stri_cmp_nequiv, stri_compare, stri_conv, stri_count, stri_count_boundaries, stri_count_charclass, stri_count_coll, stri_count_fixed, stri_count_regex, stri_count_words, stri_datetime_add, stri_datetime_create, stri_datetime_fields, stri_datetime_format, stri_datetime_fstr, stri_datetime_now, stri_datetime_parse, stri_datetime_symbols, stri_detect, stri_detect_charclass, stri_detect_coll, stri_detect_fixed, stri_detect_regex, stri_dup, stri_duplicated, stri_duplicated_any, stri_enc_detect, stri_enc_
    Execution halted
Flavor: r-oldrel-windows-ix86+x86_64