Last updated on 2023-12-07 21:55:59 CET.
Flavor | Version | Tinstall | Tcheck | Ttotal | Status | Flags |
---|---|---|---|---|---|---|
r-devel-linux-x86_64-debian-clang | 1.2.8 | 164.00 | 283.45 | 447.45 | OK | |
r-devel-linux-x86_64-debian-gcc | 1.2.8 | 113.00 | 209.52 | 322.52 | OK | |
r-devel-linux-x86_64-fedora-clang | 1.2.8 | 746.97 | NOTE | |||
r-devel-linux-x86_64-fedora-gcc | 1.2.8 | 588.55 | OK | |||
r-devel-windows-x86_64 | 1.2.8 | 173.00 | 249.00 | 422.00 | NOTE | |
r-patched-linux-x86_64 | 1.2.8 | 144.66 | 268.97 | 413.63 | OK | |
r-release-linux-x86_64 | 1.2.8 | 129.89 | 264.91 | 394.80 | OK | |
r-release-macos-arm64 | 1.2.8 | 153.00 | NOTE | |||
r-release-macos-x86_64 | 1.2.8 | 214.00 | ERROR | |||
r-release-windows-x86_64 | 1.2.8 | 211.00 | 301.00 | 512.00 | NOTE | |
r-oldrel-macos-arm64 | 1.2.8 | 153.00 | NOTE | |||
r-oldrel-macos-x86_64 | 1.2.1 | 160.00 | WARN | --no-build-vignettes | ||
r-oldrel-windows-x86_64 | 1.2.8 | 163.00 | 296.00 | 459.00 | NOTE |
Version: 1.2.8
Check: installed package size
Result: NOTE
installed size is 7.8Mb
sub-directories of 1Mb or more:
doc 2.6Mb
fonts 1.5Mb
Flavors: r-devel-linux-x86_64-fedora-clang, r-devel-windows-x86_64, r-release-macos-arm64, r-release-macos-x86_64, r-release-windows-x86_64, r-oldrel-macos-arm64, r-oldrel-windows-x86_64
Version: 1.2.8
Check: re-building of vignette outputs
Result: ERROR
Error(s) in re-building vignettes:
--- re-building ‘WebGL.Rmd’ using rmarkdown
Pandoc is required to build R Markdown vignettes but not available. Please make sure it is installed.
--- finished re-building ‘WebGL.Rmd’
--- re-building ‘demos.Rmd’ using rmarkdown
Pandoc is required to build R Markdown vignettes but not available. Please make sure it is installed.
Quitting from lines 30-130 [unnamed-chunk-1] (demos.Rmd)
Error: processing vignette 'demos.Rmd' failed with diagnostics:
Saving a widget with selfcontained = TRUE requires pandoc. See here to learn more https://bookdown.org/yihui/rmarkdown-cookbook/install-pandoc.html
--- failed re-building ‘demos.Rmd’
--- re-building ‘deprecation.Rmd’ using rmarkdown
Pandoc is required to build R Markdown vignettes but not available. Please make sure it is installed.
--- finished re-building ‘deprecation.Rmd’
--- re-building ‘pkgdown.Rmd’ using rmarkdown
Pandoc is required to build R Markdown vignettes but not available. Please make sure it is installed.
--- finished re-building ‘pkgdown.Rmd’
--- re-building ‘rgl.Rmd’ using rmarkdown
Pandoc is required to build R Markdown vignettes but not available. Please make sure it is installed.
--- finished re-building ‘rgl.Rmd’
--- re-building ‘transparency.Rmd’ using rmarkdown
Pandoc is required to build R Markdown vignettes but not available. Please make sure it is installed.
--- finished re-building ‘transparency.Rmd’
SUMMARY: processing the following file failed:
‘demos.Rmd’
Error: Vignette re-building failed.
Execution halted
Flavor: r-release-macos-x86_64
Version: 1.2.1
Flags: --no-build-vignettes
Check: whether package can be installed
Result: WARN
Found the following significant warnings:
Texture.cpp:246:22: warning: 'gluBuild2DMipmaps' is deprecated: first deprecated in macOS 10.9 - "Use glGenerateMipmap" [-Wdeprecated-declarations]
Texture.cpp:259:24: warning: 'gluScaleImage' is deprecated: first deprecated in macOS 10.9 [-Wdeprecated-declarations]
Flavor: r-oldrel-macos-x86_64
Version: 1.2.1
Flags: --no-build-vignettes
Check: installed package size
Result: NOTE
installed size is 27.8Mb
sub-directories of 1Mb or more:
doc 2.6Mb
fonts 1.5Mb
libs 20.5Mb
Flavor: r-oldrel-macos-x86_64