CRAN Package Check Results for Package rgnoisefilt

Last updated on 2024-02-23 23:10:16 CET.

Flavor Version Tinstall Tcheck Ttotal Status Flags
r-devel-linux-x86_64-debian-clang 1.1.2 NOTE
r-devel-linux-x86_64-debian-gcc 1.1.2 13.85 189.66 203.51 NOTE
r-devel-linux-x86_64-fedora-clang 1.1.2 329.57 OK
r-devel-linux-x86_64-fedora-gcc 1.1.2 333.93 OK
r-devel-windows-x86_64 1.1.2 15.00 197.00 212.00 OK
r-patched-linux-x86_64 1.1.2 12.54 252.49 265.03 OK
r-release-linux-x86_64 1.1.2 11.26 247.72 258.98 OK
r-release-macos-arm64 1.1.2 94.00 OK
r-release-macos-x86_64 1.1.2 191.00 OK
r-release-windows-x86_64 1.1.2 19.00 253.00 272.00 OK
r-oldrel-macos-arm64 1.1.2 95.00 OK
r-oldrel-windows-x86_64 1.1.2 20.00 253.00 273.00 OK

Check Details

Version: 1.1.2
Check: Rd files
Result: NOTE checkRd: (-1) regCVCF.Rd:52: Lost braces; missing escapes or markup? 52 | a decision tree with {C4.5} on each one. Using each classifier, a prediction of the whole dataset is obtained. | ^ checkRd: (-1) summary.rfdata.Rd:17: Lost braces; missing escapes or markup? 17 | A list including information related to the noise filtering process contained in the object \code{object} of class {rfdata} with the following elements: | ^ Flavors: r-devel-linux-x86_64-debian-clang, r-devel-linux-x86_64-debian-gcc