CRAN Package Check Results for Package rhoR

Last updated on 2024-06-13 22:49:42 CEST.

Flavor Version Tinstall Tcheck Ttotal Status Flags
r-devel-linux-x86_64-debian-clang 1.3.0.3 32.79 112.98 145.77 OK
r-devel-linux-x86_64-debian-gcc 1.3.0.3 24.98 35.62 60.60 ERROR
r-devel-linux-x86_64-fedora-clang 1.3.0.3 179.63 OK
r-devel-linux-x86_64-fedora-gcc 1.3.0.3 191.85 OK
r-devel-windows-x86_64 1.3.0.3 29.00 148.00 177.00 OK
r-patched-linux-x86_64 1.3.0.3 31.91 108.98 140.89 OK
r-release-linux-x86_64 1.3.0.3 26.38 106.52 132.90 OK
r-release-macos-arm64 1.3.0.3 61.00 OK
r-release-macos-x86_64 1.3.0.3 171.00 OK
r-release-windows-x86_64 1.3.0.3 29.00 157.00 186.00 OK
r-oldrel-macos-arm64 1.3.0.3 62.00 OK
r-oldrel-macos-x86_64 1.3.0.3 131.00 OK
r-oldrel-windows-x86_64 1.3.0.3 37.00 153.00 190.00 OK

Check Details

Version: 1.3.0.3
Check: package dependencies
Result: NOTE Package suggested but not available for checking: ‘testthat’ Flavor: r-devel-linux-x86_64-debian-gcc

Version: 1.3.0.3
Check: tests
Result: ERROR Running ‘testthat.R’ [0s/1s] Running the tests in ‘tests/testthat.R’ failed. Complete output: > library(testthat) Error in library(testthat) : there is no package called 'testthat' Execution halted Flavor: r-devel-linux-x86_64-debian-gcc