Last updated on 2023-06-04 23:00:10 CEST.
Flavor | Version | Tinstall | Tcheck | Ttotal | Status | Flags |
---|---|---|---|---|---|---|
r-devel-linux-x86_64-debian-clang | 1.0.1 | 53.70 | 492.45 | 546.15 | NOTE | |
r-devel-linux-x86_64-debian-gcc | 1.0.1 | 43.68 | 345.51 | 389.19 | NOTE | |
r-devel-linux-x86_64-fedora-clang | 1.0.1 | 694.34 | NOTE | |||
r-devel-linux-x86_64-fedora-gcc | 1.0.1 | 680.19 | NOTE | |||
r-devel-windows-x86_64 | 1.0.1 | 45.00 | 514.00 | 559.00 | NOTE | |
r-patched-linux-x86_64 | 1.0.1 | 47.68 | 475.27 | 522.95 | NOTE | |
r-release-linux-x86_64 | 1.0.1 | 42.12 | 466.72 | 508.84 | NOTE | |
r-release-macos-arm64 | 1.0.1 | 180.00 | NOTE | |||
r-release-macos-x86_64 | 1.0.1 | 325.00 | NOTE | |||
r-release-windows-x86_64 | 1.0.1 | 53.00 | 540.00 | 593.00 | NOTE | |
r-oldrel-macos-arm64 | 1.0.1 | 153.00 | OK | |||
r-oldrel-macos-x86_64 | 1.0.1 | 221.00 | OK | |||
r-oldrel-windows-x86_64 | 1.0.1 | 53.00 | 528.00 | 581.00 | OK |
Version: 1.0.1
Check: C++ specification
Result: NOTE
Specified C++11: please drop specification unless essential
Flavors: r-devel-linux-x86_64-debian-clang, r-devel-linux-x86_64-debian-gcc, r-devel-linux-x86_64-fedora-clang, r-devel-linux-x86_64-fedora-gcc, r-devel-windows-x86_64, r-patched-linux-x86_64, r-release-linux-x86_64, r-release-macos-arm64, r-release-macos-x86_64, r-release-windows-x86_64