CRAN Package Check Results for Package ridigbio

Last updated on 2024-06-12 22:56:42 CEST.

Flavor Version Tinstall Tcheck Ttotal Status Flags
r-devel-linux-x86_64-debian-clang 0.3.8 1.75 29.10 30.85 OK
r-devel-linux-x86_64-debian-gcc 0.3.8 2.02 19.63 21.65 ERROR
r-devel-linux-x86_64-fedora-clang 0.3.8 39.32 OK
r-devel-linux-x86_64-fedora-gcc 0.3.8 37.16 OK
r-devel-windows-x86_64 0.3.8 3.00 46.00 49.00 OK
r-patched-linux-x86_64 0.3.8 3.25 27.02 30.27 OK
r-release-linux-x86_64 0.3.8 1.96 26.88 28.84 OK
r-release-macos-arm64 0.3.8 17.00 OK
r-release-macos-x86_64 0.3.8 26.00 OK
r-release-windows-x86_64 0.3.8 4.00 48.00 52.00 OK
r-oldrel-macos-arm64 0.3.8 24.00 OK
r-oldrel-macos-x86_64 0.3.8 29.00 OK
r-oldrel-windows-x86_64 0.3.8 4.00 50.00 54.00 OK

Check Details

Version: 0.3.8
Check: package dependencies
Result: NOTE Package suggested but not available for checking: ‘testthat’ Flavor: r-devel-linux-x86_64-debian-gcc

Version: 0.3.8
Check: tests
Result: ERROR Running ‘testthat.R’ [0s/1s] Running the tests in ‘tests/testthat.R’ failed. Complete output: > library(testthat) Error in library(testthat) : there is no package called 'testthat' Execution halted Flavor: r-devel-linux-x86_64-debian-gcc