CRAN Package Check Results for Package rijkspalette

Last updated on 2020-01-17 22:51:04 CET.

Flavor Version Tinstall Tcheck Ttotal Status Flags
r-devel-linux-x86_64-debian-clang 1.0.1 2.05 19.95 22.00 OK
r-devel-linux-x86_64-debian-gcc 1.0.1 1.74 15.93 17.67 WARN
r-devel-linux-x86_64-fedora-clang 1.0.1 29.38 WARN
r-devel-linux-x86_64-fedora-gcc 1.0.1 26.02 NOTE
r-devel-windows-ix86+x86_64 1.0.1 9.00 48.00 57.00 OK
r-devel-windows-ix86+x86_64-gcc8 1.0.1 7.00 41.00 48.00 OK
r-patched-linux-x86_64 1.0.1 1.46 18.11 19.57 OK
r-patched-solaris-x86 1.0.1 40.70 NOTE
r-release-linux-x86_64 1.0.1 1.30 18.62 19.92 OK
r-release-windows-ix86+x86_64 1.0.1 6.00 34.00 40.00 OK
r-release-osx-x86_64 1.0.1 NOTE
r-oldrel-windows-ix86+x86_64 1.0.1 4.00 31.00 35.00 OK
r-oldrel-osx-x86_64 1.0.1 NOTE

Check Details

Version: 1.0.1
Check: package dependencies
Result: WARN
    Requires orphaned package: ‘imager’
Flavors: r-devel-linux-x86_64-debian-gcc, r-devel-linux-x86_64-fedora-clang

Version: 1.0.1
Check: dependencies in R code
Result: NOTE
    Namespace in Imports field not imported from: ‘curl’
     All declared Imports should be used.
Flavors: r-devel-linux-x86_64-fedora-clang, r-devel-linux-x86_64-fedora-gcc, r-patched-solaris-x86, r-release-osx-x86_64, r-oldrel-osx-x86_64