CRAN Package Check Results for Package rijkspalette

Last updated on 2019-08-25 22:47:11 CEST.

Flavor Version Tinstall Tcheck Ttotal Status Flags
r-devel-linux-x86_64-debian-clang 1.0.1 1.89 18.85 20.74 OK
r-devel-linux-x86_64-debian-gcc 1.0.1 1.40 15.35 16.75 OK
r-devel-linux-x86_64-fedora-clang 1.0.1 26.33 NOTE
r-devel-linux-x86_64-fedora-gcc 1.0.1 25.26 NOTE
r-devel-windows-ix86+x86_64 1.0.1 10.00 29.00 39.00 OK
r-patched-linux-x86_64 1.0.1 1.62 19.02 20.64 OK
r-patched-solaris-x86 1.0.1 42.70 NOTE
r-release-linux-x86_64 1.0.1 1.46 18.86 20.32 OK
r-release-windows-ix86+x86_64 1.0.1 10.00 46.00 56.00 OK
r-release-osx-x86_64 1.0.1 NOTE
r-oldrel-windows-ix86+x86_64 1.0.1 5.00 47.00 52.00 OK
r-oldrel-osx-x86_64 1.0.1 NOTE

Check Details

Version: 1.0.1
Check: dependencies in R code
Result: NOTE
    Namespace in Imports field not imported from: ‘curl’
     All declared Imports should be used.
Flavors: r-devel-linux-x86_64-fedora-clang, r-devel-linux-x86_64-fedora-gcc, r-patched-solaris-x86, r-release-osx-x86_64, r-oldrel-osx-x86_64