CRAN Package Check Results for Package ripserr

Last updated on 2023-12-09 21:54:28 CET.

Flavor Version Tinstall Tcheck Ttotal Status Flags
r-devel-linux-x86_64-debian-clang 0.1.1 56.89 37.93 94.82 NOTE
r-devel-linux-x86_64-debian-gcc 0.1.1 38.28 30.62 68.90 NOTE
r-devel-linux-x86_64-fedora-clang 0.1.1 147.14 NOTE
r-devel-linux-x86_64-fedora-gcc 0.1.1 132.70 NOTE
r-devel-windows-x86_64 0.1.1 39.00 71.00 110.00 NOTE
r-patched-linux-x86_64 0.1.1 51.54 40.43 91.97 NOTE
r-release-linux-x86_64 0.1.1 48.20 39.65 87.85 NOTE
r-release-macos-arm64 0.1.1 36.00 NOTE
r-release-macos-x86_64 0.1.1 53.00 NOTE
r-release-windows-x86_64 0.1.1 45.00 76.00 121.00 NOTE
r-oldrel-macos-arm64 0.1.1 32.00 NOTE
r-oldrel-macos-x86_64 0.1.1 50.00 NOTE
r-oldrel-windows-x86_64 0.1.1 49.00 81.00 130.00 NOTE

Check Details

Version: 0.1.1
Check: C++ specification
Result: NOTE Specified C++11: please drop specification unless essential Flavors: r-devel-linux-x86_64-debian-clang, r-devel-linux-x86_64-debian-gcc, r-devel-linux-x86_64-fedora-clang, r-devel-linux-x86_64-fedora-gcc, r-devel-windows-x86_64, r-patched-linux-x86_64, r-release-linux-x86_64, r-release-macos-arm64, r-release-macos-x86_64, r-release-windows-x86_64

Version: 0.1.1
Check: LazyData
Result: NOTE 'LazyData' is specified without a 'data' directory Flavors: r-devel-linux-x86_64-debian-clang, r-devel-linux-x86_64-debian-gcc, r-devel-linux-x86_64-fedora-clang, r-devel-linux-x86_64-fedora-gcc, r-devel-windows-x86_64, r-patched-linux-x86_64, r-release-linux-x86_64, r-release-macos-arm64, r-release-macos-x86_64, r-release-windows-x86_64, r-oldrel-macos-arm64, r-oldrel-macos-x86_64, r-oldrel-windows-x86_64