CRAN Package Check Results for Package riskclustr

Last updated on 2021-04-16 22:51:10 CEST.

Flavor Version Tinstall Tcheck Ttotal Status Flags
r-devel-linux-x86_64-debian-clang 0.3 2.98 96.15 99.13 OK
r-devel-linux-x86_64-debian-gcc 0.3 2.31 71.43 73.74 OK
r-devel-linux-x86_64-fedora-clang 0.3 122.15 OK
r-devel-linux-x86_64-fedora-gcc 0.3 115.58 OK
r-devel-windows-ix86+x86_64 0.3 6.00 97.00 103.00 OK
r-devel-windows-x86_64-gcc10-UCRT 0.3 OK
r-patched-linux-x86_64 0.3 2.93 89.36 92.29 OK
r-patched-solaris-x86 0.3 177.20 OK
r-release-linux-x86_64 0.3 2.65 89.35 92.00 OK
r-release-macos-x86_64 0.3 OK
r-release-windows-ix86+x86_64 0.3 8.00 118.00 126.00 OK
r-oldrel-macos-x86_64 0.3 ERROR
r-oldrel-windows-ix86+x86_64 0.2 6.00 82.00 88.00 OK

Check Details

Version: 0.3
Check: whether package can be installed
Result: ERROR
    Installation failed.
Flavor: r-oldrel-macos-x86_64