CRAN Package Check Results for Package rjags

Last updated on 2017-11-17 22:47:31.

Flavor Version Tinstall Tcheck Ttotal Status Flags
r-devel-linux-x86_64-debian-clang 4-6 4.48 15.83 20.31 NOTE
r-devel-linux-x86_64-debian-gcc 4-6 11.83 16.39 28.22 NOTE
r-devel-linux-x86_64-fedora-clang 4-6 34.63 NOTE
r-devel-linux-x86_64-fedora-gcc 4-6 32.54 NOTE
r-devel-windows-ix86+x86_64 4-6 26.00 47.00 73.00 OK
r-patched-linux-x86_64 4-6 4.10 15.79 19.89 NOTE
r-patched-solaris-x86 4-6 48.20 OK
r-release-linux-x86_64 4-6 4.19 15.44 19.63 NOTE
r-release-windows-ix86+x86_64 4-6 13.00 65.00 78.00 OK
r-release-osx-x86_64 4-6 OK
r-oldrel-windows-ix86+x86_64 4-6 12.00 52.00 64.00 OK
r-oldrel-osx-x86_64 4-6 NOTE

Check Details

Version: 4-6
Check: compiled code
Result: NOTE
    File ‘rjags/libs/rjags.so’:
     Found no calls to: ‘R_registerRoutines’, ‘R_useDynamicSymbols’
    
    It is good practice to register native routines and to disable symbol
    search.
    
    See ‘Writing portable packages’ in the ‘Writing R Extensions’ manual.
Flavors: r-devel-linux-x86_64-debian-clang, r-devel-linux-x86_64-debian-gcc, r-devel-linux-x86_64-fedora-clang, r-devel-linux-x86_64-fedora-gcc, r-patched-linux-x86_64, r-release-linux-x86_64

Version: 4-6
Check: dependencies in R code
Result: NOTE
    Invalid MIT-MAGIC-COOKIE-1 key
Flavor: r-oldrel-osx-x86_64