CRAN Package Check Results for Package rjags

Last updated on 2018-01-20 22:47:17 CET.

Flavor Version Tinstall Tcheck Ttotal Status Flags
r-devel-linux-x86_64-debian-clang 4-6 5.65 24.12 29.77 NOTE
r-devel-linux-x86_64-debian-gcc 4-6 4.69 21.48 26.17 NOTE
r-devel-linux-x86_64-fedora-clang 4-6 37.04 NOTE
r-devel-linux-x86_64-fedora-gcc 4-6 34.78 NOTE
r-devel-windows-ix86+x86_64 4-6 20.00 66.00 86.00 OK
r-patched-linux-x86_64 4-6 6.12 23.28 29.40 NOTE
r-patched-solaris-x86 4-6 54.60 OK
r-release-linux-x86_64 4-6 5.81 23.49 29.30 NOTE
r-release-windows-ix86+x86_64 4-6 19.00 70.00 89.00 OK
r-release-osx-x86_64 4-6 OK
r-oldrel-windows-ix86+x86_64 4-6 17.00 68.00 85.00 OK
r-oldrel-osx-x86_64 4-6 NOTE

Check Details

Version: 4-6
Check: compiled code
Result: NOTE
    File ‘rjags/libs/rjags.so’:
     Found no calls to: ‘R_registerRoutines’, ‘R_useDynamicSymbols’
    
    It is good practice to register native routines and to disable symbol
    search.
    
    See ‘Writing portable packages’ in the ‘Writing R Extensions’ manual.
Flavors: r-devel-linux-x86_64-debian-clang, r-devel-linux-x86_64-debian-gcc, r-devel-linux-x86_64-fedora-clang, r-devel-linux-x86_64-fedora-gcc, r-patched-linux-x86_64, r-release-linux-x86_64

Version: 4-6
Check: dependencies in R code
Result: NOTE
    Invalid MIT-MAGIC-COOKIE-1 key
Flavor: r-oldrel-osx-x86_64