CRAN Package Check Results for Package rjags

Last updated on 2018-07-20 22:50:34 CEST.

Flavor Version Tinstall Tcheck Ttotal Status Flags
r-devel-linux-x86_64-debian-clang 4-6 6.95 22.65 29.60 NOTE
r-devel-linux-x86_64-debian-gcc 4-6 5.53 20.22 25.75 NOTE
r-devel-linux-x86_64-fedora-clang 4-6 36.62 NOTE
r-devel-linux-x86_64-fedora-gcc 4-6 34.36 NOTE
r-devel-windows-ix86+x86_64 4-6 13.00 71.00 84.00 OK
r-patched-linux-x86_64 4-6 7.17 21.55 28.72 NOTE
r-patched-solaris-x86 4-6 53.40 OK
r-release-linux-x86_64 4-6 6.55 21.56 28.11 NOTE
r-release-windows-ix86+x86_64 4-6 17.00 52.00 69.00 OK
r-release-osx-x86_64 4-6 OK
r-oldrel-windows-ix86+x86_64 4-6 24.00 50.00 74.00 OK
r-oldrel-osx-x86_64 4-6 OK

Check Details

Version: 4-6
Check: compiled code
Result: NOTE
    File ‘rjags/libs/rjags.so’:
     Found no calls to: ‘R_registerRoutines’, ‘R_useDynamicSymbols’
    
    It is good practice to register native routines and to disable symbol
    search.
    
    See ‘Writing portable packages’ in the ‘Writing R Extensions’ manual.
Flavors: r-devel-linux-x86_64-debian-clang, r-devel-linux-x86_64-debian-gcc, r-devel-linux-x86_64-fedora-clang, r-devel-linux-x86_64-fedora-gcc, r-patched-linux-x86_64, r-release-linux-x86_64