CRAN Package Check Results for Package rjags

Last updated on 2018-10-17 22:51:53 CEST.

Flavor Version Tinstall Tcheck Ttotal Status Flags
r-devel-linux-x86_64-debian-clang 4-7 8.62 23.68 32.30 OK
r-devel-linux-x86_64-debian-gcc 4-7 6.50 21.51 28.01 OK
r-devel-linux-x86_64-fedora-clang 4-7 39.18 OK
r-devel-linux-x86_64-fedora-gcc 4-7 36.11 OK
r-devel-windows-ix86+x86_64 4-7 21.00 53.00 74.00 OK
r-patched-linux-x86_64 4-7 8.34 21.72 30.06 OK
r-patched-solaris-x86 4-7 47.40 ERROR
r-release-linux-x86_64 4-7 8.25 22.04 30.29 OK
r-release-windows-ix86+x86_64 4-7 16.00 63.00 79.00 OK
r-release-osx-x86_64 4-7 OK
r-oldrel-windows-ix86+x86_64 4-7 24.00 49.00 73.00 OK
r-oldrel-osx-x86_64 4-7 OK

Check Details

Version: 4-7
Check: examples
Result: ERROR
    Running examples in ‘rjags-Ex.R’ failed
    The error most likely occurred in:
    
    > ### Name: coda.samples
    > ### Title: Generate posterior samples in mcmc.list format
    > ### Aliases: coda.samples
    > ### Keywords: models
    >
    > ### ** Examples
    >
    > data(LINE)
    > LINE$recompile()
    Error: Can't set RNG name. No model!
    
    Execution halted
Flavor: r-patched-solaris-x86