CRAN Package Check Results for Package rjmcmc

Last updated on 2019-09-14 22:48:36 CEST.

Flavor Version Tinstall Tcheck Ttotal Status Flags
r-devel-linux-x86_64-debian-clang 0.4.5 8.83 68.40 77.23 OK
r-devel-linux-x86_64-debian-gcc 0.4.5 6.56 55.04 61.60 OK
r-devel-linux-x86_64-fedora-clang 0.4.5 93.74 NOTE
r-devel-linux-x86_64-fedora-gcc 0.4.5 91.99 NOTE
r-devel-windows-ix86+x86_64 0.4.5 20.00 81.00 101.00 OK
r-patched-linux-x86_64 0.4.5 7.52 67.53 75.05 OK
r-patched-solaris-x86 0.4.5 134.70 NOTE
r-release-linux-x86_64 0.4.5 6.80 69.49 76.29 OK
r-release-windows-ix86+x86_64 0.4.5 14.00 102.00 116.00 OK
r-release-osx-x86_64 0.4.5 NOTE
r-oldrel-windows-ix86+x86_64 0.4.5 10.00 73.00 83.00 OK
r-oldrel-osx-x86_64 0.4.5 NOTE

Check Details

Version: 0.4.5
Check: dependencies in R code
Result: NOTE
    Namespace in Imports field not imported from: ‘coda’
     All declared Imports should be used.
Flavors: r-devel-linux-x86_64-fedora-clang, r-devel-linux-x86_64-fedora-gcc, r-patched-solaris-x86, r-release-osx-x86_64, r-oldrel-osx-x86_64