CRAN Package Check Results for Package rjmcmc

Last updated on 2019-06-23 22:49:03 CEST.

Flavor Version Tinstall Tcheck Ttotal Status Flags
r-devel-linux-x86_64-debian-clang 0.4.4 7.49 242.36 249.85 OK
r-devel-linux-x86_64-debian-gcc 0.4.4 5.99 187.24 193.23 OK
r-devel-linux-x86_64-fedora-clang 0.4.4 248.56 NOTE
r-devel-linux-x86_64-fedora-gcc 0.4.4 281.76 NOTE
r-devel-windows-ix86+x86_64 0.4.4 19.00 254.00 273.00 OK
r-patched-linux-x86_64 0.4.4 7.32 242.74 250.06 OK
r-patched-solaris-x86 0.4.4 376.80 NOTE
r-release-linux-x86_64 0.4.4 7.54 244.48 252.02 OK
r-release-windows-ix86+x86_64 0.4.4 14.00 272.00 286.00 OK
r-release-osx-x86_64 0.4.4 NOTE
r-oldrel-windows-ix86+x86_64 0.4.4 7.00 334.00 341.00 OK
r-oldrel-osx-x86_64 0.4.4 NOTE

Check Details

Version: 0.4.4
Check: dependencies in R code
Result: NOTE
    Namespace in Imports field not imported from: ‘coda’
     All declared Imports should be used.
Flavors: r-devel-linux-x86_64-fedora-clang, r-devel-linux-x86_64-fedora-gcc, r-patched-solaris-x86, r-release-osx-x86_64, r-oldrel-osx-x86_64