CRAN Package Check Results for Package rjsonapi

Last updated on 2020-01-17 22:51:04 CET.

Flavor Version Tinstall Tcheck Ttotal Status Flags
r-devel-linux-x86_64-debian-clang 0.1.0 3.03 27.41 30.44 OK
r-devel-linux-x86_64-debian-gcc 0.1.0 2.39 21.93 24.32 OK
r-devel-linux-x86_64-fedora-clang 0.1.0 37.52 NOTE
r-devel-linux-x86_64-fedora-gcc 0.1.0 36.74 NOTE
r-devel-windows-ix86+x86_64 0.1.0 12.00 66.00 78.00 OK
r-devel-windows-ix86+x86_64-gcc8 0.1.0 8.00 55.00 63.00 OK
r-patched-linux-x86_64 0.1.0 2.56 24.95 27.51 OK
r-patched-solaris-x86 0.1.0 56.70 NOTE
r-release-linux-x86_64 0.1.0 2.46 25.17 27.63 OK
r-release-windows-ix86+x86_64 0.1.0 9.00 39.00 48.00 OK
r-release-osx-x86_64 0.1.0 NOTE
r-oldrel-windows-ix86+x86_64 0.1.0 6.00 39.00 45.00 OK
r-oldrel-osx-x86_64 0.1.0 NOTE

Check Details

Version: 0.1.0
Check: dependencies in R code
Result: NOTE
    Namespace in Imports field not imported from: ‘crul’
     All declared Imports should be used.
Flavors: r-devel-linux-x86_64-fedora-clang, r-devel-linux-x86_64-fedora-gcc, r-patched-solaris-x86, r-release-osx-x86_64, r-oldrel-osx-x86_64