CRAN Package Check Results for Package rjsonapi

Last updated on 2019-08-24 22:46:36 CEST.

Flavor Version Tinstall Tcheck Ttotal Status Flags
r-devel-linux-x86_64-debian-clang 0.1.0 3.04 24.51 27.55 OK
r-devel-linux-x86_64-debian-gcc 0.1.0 2.54 20.55 23.09 OK
r-devel-linux-x86_64-fedora-clang 0.1.0 35.43 NOTE
r-devel-linux-x86_64-fedora-gcc 0.1.0 33.93 NOTE
r-devel-windows-ix86+x86_64 0.1.0 7.00 61.00 68.00 OK
r-patched-linux-x86_64 0.1.0 2.74 25.06 27.80 OK
r-patched-solaris-x86 0.1.0 68.00 NOTE
r-release-linux-x86_64 0.1.0 2.28 24.91 27.19 OK
r-release-windows-ix86+x86_64 0.1.0 14.00 60.00 74.00 OK
r-release-osx-x86_64 0.1.0 NOTE
r-oldrel-windows-ix86+x86_64 0.1.0 7.00 60.00 67.00 OK
r-oldrel-osx-x86_64 0.1.0 NOTE

Check Details

Version: 0.1.0
Check: dependencies in R code
Result: NOTE
    Namespace in Imports field not imported from: ‘crul’
     All declared Imports should be used.
Flavors: r-devel-linux-x86_64-fedora-clang, r-devel-linux-x86_64-fedora-gcc, r-patched-solaris-x86, r-release-osx-x86_64, r-oldrel-osx-x86_64