Last updated on 2023-02-05 22:59:31 CET.
Flavor | Version | Tinstall | Tcheck | Ttotal | Status | Flags |
---|---|---|---|---|---|---|
r-devel-linux-x86_64-debian-clang | 1.4.2.2 | 25.91 | 49.61 | 75.52 | NOTE | |
r-devel-linux-x86_64-debian-gcc | 1.4.2.2 | 18.11 | 40.22 | 58.33 | NOTE | |
r-devel-linux-x86_64-fedora-clang | 1.4.2.2 | 103.61 | NOTE | |||
r-devel-linux-x86_64-fedora-gcc | 1.4.2.2 | 103.56 | NOTE | |||
r-patched-linux-x86_64 | 1.4.2.2 | 21.01 | 47.69 | 68.70 | NOTE | |
r-release-linux-x86_64 | 1.4.2.2 | 22.08 | 47.96 | 70.04 | NOTE | |
r-release-macos-arm64 | 1.4.2.2 | 31.00 | NOTE | |||
r-release-macos-x86_64 | 1.4.2.2 | 40.00 | NOTE | |||
r-oldrel-macos-arm64 | 1.4.2.2 | 38.00 | NOTE | |||
r-oldrel-macos-x86_64 | 1.4.2.2 | 53.00 | NOTE |
Version: 1.4.2.2
Check: C++ specification
Result: NOTE
Specified C++11: please update to current default of C++17
Flavors: r-devel-linux-x86_64-debian-clang, r-devel-linux-x86_64-debian-gcc, r-devel-linux-x86_64-fedora-clang, r-devel-linux-x86_64-fedora-gcc
Version: 1.4.2.2
Check: LazyData
Result: NOTE
'LazyData' is specified without a 'data' directory
Flavors: r-devel-linux-x86_64-debian-clang, r-devel-linux-x86_64-debian-gcc, r-devel-linux-x86_64-fedora-clang, r-devel-linux-x86_64-fedora-gcc, r-patched-linux-x86_64, r-release-linux-x86_64, r-release-macos-arm64, r-release-macos-x86_64, r-oldrel-macos-arm64, r-oldrel-macos-x86_64