Last updated on 2023-12-06 23:12:12 CET.
Flavor | Version | Tinstall | Tcheck | Ttotal | Status | Flags |
---|---|---|---|---|---|---|
r-devel-linux-x86_64-debian-clang | 0.1 | 23.53 | 25.49 | 49.02 | NOTE | |
r-devel-linux-x86_64-debian-gcc | 0.1 | 14.74 | 20.05 | 34.79 | NOTE | |
r-devel-linux-x86_64-fedora-clang | 0.1 | 69.67 | NOTE | |||
r-devel-linux-x86_64-fedora-gcc | 0.1 | 61.50 | NOTE | |||
r-devel-windows-x86_64 | 0.1 | 17.00 | 61.00 | 78.00 | NOTE | |
r-patched-linux-x86_64 | 0.1 | 17.74 | 25.49 | 43.23 | NOTE | |
r-release-linux-x86_64 | 0.1 | 18.71 | 25.39 | 44.10 | NOTE | |
r-release-macos-arm64 | 0.1 | 21.00 | NOTE | |||
r-release-macos-x86_64 | 0.1 | 30.00 | NOTE | |||
r-release-windows-x86_64 | 0.1 | 19.00 | 64.00 | 83.00 | NOTE | |
r-oldrel-macos-arm64 | 0.1 | 22.00 | NOTE | |||
r-oldrel-macos-x86_64 | 0.1 | 28.00 | NOTE | |||
r-oldrel-windows-x86_64 | 0.1 | 21.00 | 70.00 | 91.00 | NOTE |
Version: 0.1
Check: LazyData
Result: NOTE
'LazyData' is specified without a 'data' directory
Flavors: r-devel-linux-x86_64-debian-clang, r-devel-linux-x86_64-debian-gcc, r-devel-linux-x86_64-fedora-clang, r-devel-linux-x86_64-fedora-gcc, r-devel-windows-x86_64, r-patched-linux-x86_64, r-release-linux-x86_64, r-release-macos-arm64, r-release-macos-x86_64, r-release-windows-x86_64, r-oldrel-macos-arm64, r-oldrel-macos-x86_64, r-oldrel-windows-x86_64
Version: 0.1
Check: compiled code
Result: NOTE
File ‘rkvo/libs/rkvo.so’:
Found no calls to: ‘R_registerRoutines’, ‘R_useDynamicSymbols’
It is good practice to register native routines and to disable symbol
search.
See ‘Writing portable packages’ in the ‘Writing R Extensions’ manual.
Flavors: r-devel-linux-x86_64-fedora-clang, r-devel-linux-x86_64-fedora-gcc