Last updated on 2024-03-28 23:01:56 CET.
Flavor | Version | Tinstall | Tcheck | Ttotal | Status | Flags |
---|---|---|---|---|---|---|
r-devel-linux-x86_64-debian-clang | 1.3.5 | 10.68 | 193.49 | 204.17 | NOTE | |
r-devel-linux-x86_64-debian-gcc | 1.3.5 | 10.13 | 145.91 | 156.04 | NOTE | |
r-devel-linux-x86_64-fedora-clang | 1.3.5 | 255.09 | NOTE | |||
r-devel-linux-x86_64-fedora-gcc | 1.3.5 | 274.20 | NOTE | |||
r-devel-windows-x86_64 | 1.3.5 | 12.00 | 112.00 | 124.00 | NOTE | |
r-patched-linux-x86_64 | 1.3.5 | 10.10 | 188.11 | 198.21 | NOTE | |
r-release-linux-x86_64 | 1.3.5 | 12.60 | 171.15 | 183.75 | OK | |
r-release-macos-arm64 | 1.3.5 | 70.00 | OK | |||
r-release-macos-x86_64 | 1.3.5 | 89.00 | OK | |||
r-release-windows-x86_64 | 1.3.5 | 16.00 | 134.00 | 150.00 | OK | |
r-oldrel-macos-arm64 | 1.3.5 | 58.00 | OK | |||
r-oldrel-windows-x86_64 | 1.3.5 | 14.00 | 139.00 | 153.00 | OK |
Version: 1.3.5
Check: Rd files
Result: NOTE
checkRd: (-1) plot.mcfs.Rd:24: Lost braces; missing escapes or markup?
24 | \item\code{ri} {plots top features set with their RIs as well as max RI obtained from permutation experiments. Red color denotes important features.}
| ^
Flavors: r-devel-linux-x86_64-debian-clang, r-devel-linux-x86_64-debian-gcc, r-devel-linux-x86_64-fedora-clang, r-devel-linux-x86_64-fedora-gcc, r-devel-windows-x86_64, r-patched-linux-x86_64