CRAN Package Check Results for Package rmdcev

Last updated on 2023-02-04 22:55:01 CET.

Flavor Version Tinstall Tcheck Ttotal Status Flags
r-devel-linux-x86_64-debian-clang 1.2.4 403.03 232.30 635.33 NOTE
r-devel-linux-x86_64-debian-gcc 1.2.4 319.09 188.00 507.09 NOTE
r-devel-linux-x86_64-fedora-clang 1.2.4 753.23 NOTE
r-devel-linux-x86_64-fedora-gcc 1.2.4 832.81 NOTE
r-devel-windows-x86_64 1.2.4 433.00 303.00 736.00 NOTE
r-patched-linux-x86_64 1.2.4 272.06 248.07 520.13 NOTE
r-release-linux-x86_64 1.2.4 263.45 242.03 505.48 NOTE
r-release-macos-arm64 1.2.4 195.00 NOTE
r-release-macos-x86_64 1.2.4 339.00 NOTE
r-release-windows-x86_64 1.2.4 350.00 324.00 674.00 NOTE
r-oldrel-macos-arm64 1.2.4 185.00 NOTE
r-oldrel-macos-x86_64 1.2.4 250.00 NOTE
r-oldrel-windows-ix86+x86_64 1.2.4 786.00 503.00 1289.00 NOTE

Check Details

Version: 1.2.4
Check: C++ specification
Result: NOTE
     Specified C++14: please update to current default of C++17
Flavors: r-devel-linux-x86_64-debian-clang, r-devel-linux-x86_64-debian-gcc, r-devel-linux-x86_64-fedora-clang, r-devel-linux-x86_64-fedora-gcc, r-devel-windows-x86_64

Version: 1.2.4
Check: for GNU extensions in Makefiles
Result: NOTE
    GNU make is a SystemRequirements.
Flavors: r-devel-linux-x86_64-debian-clang, r-devel-linux-x86_64-debian-gcc, r-devel-linux-x86_64-fedora-clang, r-devel-linux-x86_64-fedora-gcc, r-devel-windows-x86_64, r-patched-linux-x86_64, r-release-linux-x86_64, r-release-macos-arm64, r-release-macos-x86_64, r-release-windows-x86_64, r-oldrel-macos-arm64, r-oldrel-macos-x86_64, r-oldrel-windows-ix86+x86_64

Version: 1.2.4
Check: installed package size
Result: NOTE
     installed size is 5.0Mb
     sub-directories of 1Mb or more:
     libs 4.3Mb
Flavors: r-devel-linux-x86_64-fedora-clang, r-release-macos-arm64, r-release-macos-x86_64, r-oldrel-macos-arm64, r-oldrel-macos-x86_64, r-oldrel-windows-ix86+x86_64

Version: 1.2.4
Check: dependencies in R code
Result: NOTE
    Namespace in Imports field not imported from: ‘RcppParallel’
     All declared Imports should be used.
Flavors: r-devel-linux-x86_64-fedora-clang, r-devel-linux-x86_64-fedora-gcc, r-release-macos-arm64, r-release-macos-x86_64, r-oldrel-macos-arm64, r-oldrel-macos-x86_64