CRAN Package Check Results for Package rmfanova

Last updated on 2024-03-01 22:53:47 CET.

Flavor Version Tinstall Tcheck Ttotal Status Flags
r-devel-linux-x86_64-debian-clang 0.1.0 11.50 115.75 127.25 OK
r-devel-linux-x86_64-debian-gcc 0.1.0 9.79 86.51 96.30 OK
r-devel-linux-x86_64-fedora-clang 0.1.0 159.61 OK
r-devel-linux-x86_64-fedora-gcc 0.1.0 158.42 OK
r-devel-windows-x86_64 0.1.0 13.00 99.00 112.00 OK
r-patched-linux-x86_64 0.1.0 12.78 111.57 124.35 OK
r-release-linux-x86_64 0.1.0 10.02 113.23 123.25 OK
r-release-macos-arm64 0.1.0 50.00 OK
r-release-macos-x86_64 0.1.0 107.00 OK
r-release-windows-x86_64 0.1.0 17.00 121.00 138.00 OK
r-oldrel-macos-arm64 0.1.0 63.00 ERROR
r-oldrel-windows-x86_64 0.1.0 19.00 123.00 142.00 OK

Check Details

Version: 0.1.0
Check: PDF version of manual
Result: WARN LaTeX errors when creating PDF version. This typically indicates Rd problems. LaTeX errors found: ! Undefined control sequence. <argument> ... (t+(r-1))\neq \mu (t+(s-1))\ \text {for some}\ t\in [0,1],\\ ... l.380 \end{array}\right.}{} Flavor: r-oldrel-macos-arm64

Version: 0.1.0
Check: PDF version of manual without index
Result: ERROR
Flavor: r-oldrel-macos-arm64