CRAN Package Check Results for Package rminqa

Last updated on 2023-12-08 21:58:42 CET.

Flavor Version Tinstall Tcheck Ttotal Status Flags
r-devel-linux-x86_64-debian-clang 0.2.2 20.79 26.08 46.87 NOTE
r-devel-linux-x86_64-debian-gcc 0.2.2 13.34 20.39 33.73 NOTE
r-devel-linux-x86_64-fedora-clang 0.2.2 68.28 NOTE
r-devel-linux-x86_64-fedora-gcc 0.2.2 63.38 NOTE
r-devel-windows-x86_64 0.2.2 18.00 64.00 82.00 NOTE
r-patched-linux-x86_64 0.2.2 16.98 25.96 42.94 NOTE
r-release-linux-x86_64 0.2.2 18.35 26.14 44.49 NOTE
r-release-macos-arm64 0.2.2 31.00 NOTE
r-release-macos-x86_64 0.2.2 33.00 NOTE
r-release-windows-x86_64 0.2.2 18.00 67.00 85.00 NOTE
r-oldrel-macos-arm64 0.2.2 23.00 OK
r-oldrel-macos-x86_64 0.2.2 31.00 OK
r-oldrel-windows-x86_64 0.2.2 23.00 68.00 91.00 OK

Check Details

Version: 0.2.2
Check: C++ specification
Result: NOTE Specified C++11: please drop specification unless essential Flavors: r-devel-linux-x86_64-debian-clang, r-devel-linux-x86_64-debian-gcc, r-devel-linux-x86_64-fedora-clang, r-devel-linux-x86_64-fedora-gcc, r-devel-windows-x86_64, r-patched-linux-x86_64, r-release-linux-x86_64, r-release-macos-arm64, r-release-macos-x86_64, r-release-windows-x86_64