Last updated on 2023-02-04 22:55:01 CET.
Flavor | Version | Tinstall | Tcheck | Ttotal | Status | Flags |
---|---|---|---|---|---|---|
r-devel-linux-x86_64-debian-clang | 0.1.0 | 8.06 | 33.34 | 41.40 | OK | |
r-devel-linux-x86_64-debian-gcc | 0.1.0 | 6.52 | 26.02 | 32.54 | OK | |
r-devel-linux-x86_64-fedora-clang | 0.1.0 | 53.47 | NOTE | |||
r-devel-linux-x86_64-fedora-gcc | 0.1.0 | 52.12 | NOTE | |||
r-devel-windows-x86_64 | 0.1.0 | 31.00 | 65.00 | 96.00 | OK | |
r-patched-linux-x86_64 | 0.1.0 | 6.93 | 32.37 | 39.30 | OK | |
r-release-linux-x86_64 | 0.1.0 | 8.78 | 32.56 | 41.34 | OK | |
r-release-macos-arm64 | 0.1.0 | 24.00 | NOTE | |||
r-release-macos-x86_64 | 0.1.0 | 30.00 | NOTE | |||
r-release-windows-x86_64 | 0.1.0 | 41.00 | 68.00 | 109.00 | OK | |
r-oldrel-macos-arm64 | 0.1.0 | 27.00 | NOTE | |||
r-oldrel-macos-x86_64 | 0.1.0 | 39.00 | NOTE | |||
r-oldrel-windows-ix86+x86_64 | 0.1.0 | 14.00 | 69.00 | 83.00 | OK |
Version: 0.1.0
Check: data for non-ASCII characters
Result: NOTE
Note: found 133 marked Latin-1 strings
Flavors: r-devel-linux-x86_64-fedora-clang, r-devel-linux-x86_64-fedora-gcc, r-release-macos-arm64, r-release-macos-x86_64, r-oldrel-macos-arm64, r-oldrel-macos-x86_64