CRAN Package Check Results for Package rncl

Last updated on 2021-04-16 22:51:10 CEST.

Flavor Version Tinstall Tcheck Ttotal Status Flags
r-devel-linux-x86_64-debian-clang 0.8.4 179.59 33.44 213.03 NOTE
r-devel-linux-x86_64-debian-gcc 0.8.4 148.85 25.78 174.63 NOTE
r-devel-linux-x86_64-fedora-clang 0.8.4 357.98 NOTE
r-devel-linux-x86_64-fedora-gcc 0.8.4 331.52 NOTE
r-devel-windows-ix86+x86_64 0.8.4 416.00 70.00 486.00 NOTE
r-devel-windows-x86_64-gcc10-UCRT 0.8.4 NOTE
r-patched-linux-x86_64 0.8.4 176.30 31.68 207.98 OK
r-patched-solaris-x86 0.8.4 249.90 OK
r-release-linux-x86_64 0.8.4 173.43 31.76 205.19 OK
r-release-macos-x86_64 0.8.4 NOTE
r-release-windows-ix86+x86_64 0.8.4 366.00 81.00 447.00 OK
r-oldrel-macos-x86_64 0.8.4 NOTE
r-oldrel-windows-ix86+x86_64 0.8.4 279.00 86.00 365.00 OK

Check Details

Version: 0.8.4
Check: LazyData
Result: NOTE
     'LazyData' is specified without a 'data' directory
Flavors: r-devel-linux-x86_64-debian-clang, r-devel-linux-x86_64-debian-gcc, r-devel-linux-x86_64-fedora-clang, r-devel-linux-x86_64-fedora-gcc, r-devel-windows-ix86+x86_64, r-devel-windows-x86_64-gcc10-UCRT

Version: 0.8.4
Check: installed package size
Result: NOTE
     installed size is 22.7Mb
     sub-directories of 1Mb or more:
     libs 22.4Mb
Flavors: r-devel-linux-x86_64-fedora-clang, r-release-macos-x86_64, r-oldrel-macos-x86_64