Last updated on 2023-09-26 23:04:23 CEST.
Flavor | Version | Tinstall | Tcheck | Ttotal | Status | Flags |
---|---|---|---|---|---|---|
r-devel-linux-x86_64-debian-clang | 0.4-0 | 5.01 | 47.83 | 52.84 | NOTE | |
r-devel-linux-x86_64-debian-gcc | 0.4-0 | 4.55 | 35.73 | 40.28 | NOTE | |
r-devel-linux-x86_64-fedora-clang | 0.4-0 | 64.81 | NOTE | |||
r-devel-linux-x86_64-fedora-gcc | 0.4-0 | 63.71 | NOTE | |||
r-devel-windows-x86_64 | 0.4-0 | 7.00 | 60.00 | 67.00 | NOTE | |
r-patched-linux-x86_64 | 0.4-0 | 6.38 | 45.64 | 52.02 | NOTE | |
r-release-linux-x86_64 | 0.4-0 | 4.44 | 45.77 | 50.21 | NOTE | |
r-release-macos-arm64 | 0.4-0 | 23.00 | NOTE | |||
r-release-macos-x86_64 | 0.4-0 | 33.00 | NOTE | |||
r-release-windows-x86_64 | 0.4-0 | 8.00 | 73.00 | 81.00 | NOTE | |
r-oldrel-macos-arm64 | 0.4-0 | 22.00 | OK | |||
r-oldrel-macos-x86_64 | 0.4-0 | 32.00 | OK | |||
r-oldrel-windows-x86_64 | 0.4-0 | 36.00 | 84.00 | 120.00 | OK |
Version: 0.4-0
Check: Rd files
Result: NOTE
checkRd: (-1) NlistServersInCategory.Rd:11: Escaped LaTeX specials: \_
Flavors: r-devel-linux-x86_64-debian-clang, r-devel-linux-x86_64-debian-gcc, r-devel-linux-x86_64-fedora-clang, r-devel-linux-x86_64-fedora-gcc, r-devel-windows-x86_64, r-patched-linux-x86_64, r-release-linux-x86_64, r-release-macos-arm64, r-release-macos-x86_64, r-release-windows-x86_64