Last updated on 2024-03-27 22:57:57 CET.
Flavor | Version | Tinstall | Tcheck | Ttotal | Status | Flags |
---|---|---|---|---|---|---|
r-devel-linux-x86_64-debian-clang | 0.2.6 | 5.51 | 31.18 | 36.69 | OK | |
r-devel-linux-x86_64-debian-gcc | 0.2.6 | 4.27 | 24.14 | 28.41 | OK | |
r-devel-linux-x86_64-fedora-clang | 0.2.6 | 47.96 | NOTE | |||
r-devel-linux-x86_64-fedora-gcc | 0.2.6 | 58.99 | NOTE | |||
r-devel-windows-x86_64 | 0.2.6 | 7.00 | 47.00 | 54.00 | OK | |
r-patched-linux-x86_64 | 0.2.6 | 5.42 | 28.18 | 33.60 | OK | |
r-release-linux-x86_64 | 0.2.6 | 4.83 | 28.94 | 33.77 | OK | |
r-release-macos-arm64 | 0.2.6 | 26.00 | OK | |||
r-release-macos-x86_64 | 0.2.6 | 46.00 | OK | |||
r-release-windows-x86_64 | 0.2.6 | 8.00 | 47.00 | 55.00 | OK | |
r-oldrel-macos-arm64 | 0.2.6 | 23.00 | OK | |||
r-oldrel-windows-x86_64 | 0.2.6 | 8.00 | 58.00 | 66.00 | OK |
Version: 0.2.6
Check: compiled code
Result: NOTE
File ‘rnetcarto/libs/rnetcarto.so’:
Found no calls to: ‘R_registerRoutines’, ‘R_useDynamicSymbols’
It is good practice to register native routines and to disable symbol
search.
See ‘Writing portable packages’ in the ‘Writing R Extensions’ manual.
Flavors: r-devel-linux-x86_64-fedora-clang, r-devel-linux-x86_64-fedora-gcc