Last updated on 2024-04-18 22:52:57 CEST.
Flavor | Version | Tinstall | Tcheck | Ttotal | Status | Flags |
---|---|---|---|---|---|---|
r-devel-linux-x86_64-debian-clang | 1.9.0 | 4.47 | 251.99 | 256.46 | OK | |
r-devel-linux-x86_64-debian-gcc | 1.9.0 | 3.49 | 167.96 | 171.45 | OK | |
r-devel-linux-x86_64-fedora-clang | 1.9.0 | 310.27 | NOTE | |||
r-devel-linux-x86_64-fedora-gcc | 1.9.0 | 312.14 | NOTE | |||
r-prerel-macos-arm64 | 1.9.0 | 70.00 | OK | |||
r-prerel-windows-x86_64 | 1.9.0 | 5.00 | 172.00 | 177.00 | OK | |
r-patched-linux-x86_64 | 1.9.0 | 4.28 | 236.62 | 240.90 | OK | |
r-release-linux-x86_64 | 1.9.0 | 3.88 | 234.84 | 238.72 | OK | |
r-release-macos-arm64 | 1.9.0 | 90.00 | OK | |||
r-release-macos-x86_64 | 1.9.0 | 253.00 | OK | |||
r-release-windows-x86_64 | 1.9.0 | 5.00 | 221.00 | 226.00 | OK | |
r-oldrel-macos-arm64 | 1.9.0 | 74.00 | OK | |||
r-oldrel-windows-x86_64 | 1.9.0 | 6.00 | 223.00 | 229.00 | OK |
Version: 1.9.0
Check: dependencies in R code
Result: NOTE
Namespace in Imports field not imported from: ‘attention’
All declared Imports should be used.
Flavors: r-devel-linux-x86_64-fedora-clang, r-devel-linux-x86_64-fedora-gcc