Last updated on 2023-02-01 21:55:05 CET.
Flavor | Version | Tinstall | Tcheck | Ttotal | Status | Flags |
---|---|---|---|---|---|---|
r-devel-linux-x86_64-debian-clang | 1.3.8 | 13.70 | 110.88 | 124.58 | OK | |
r-devel-linux-x86_64-debian-gcc | 1.3.8 | 10.98 | 81.29 | 92.27 | OK | |
r-devel-linux-x86_64-fedora-clang | 1.3.8 | 157.93 | NOTE | |||
r-devel-linux-x86_64-fedora-gcc | 1.3.8 | 156.71 | OK | |||
r-patched-linux-x86_64 | 1.3.8 | 18.37 | 102.03 | 120.40 | OK | |
r-release-linux-x86_64 | 1.3.8 | 12.74 | 106.09 | 118.83 | OK | |
r-release-macos-arm64 | 1.3.8 | 42.00 | OK | |||
r-release-macos-x86_64 | 1.3.8 | 74.00 | OK | |||
r-release-windows-x86_64 | 1.3.8 | 65.00 | 154.00 | 219.00 | OK | |
r-oldrel-macos-arm64 | 1.3.8 | 223.00 | OK | |||
r-oldrel-macos-x86_64 | 1.3.8 | 57.00 | OK | |||
r-oldrel-windows-ix86+x86_64 | 1.3.8 | 27.00 | 134.00 | 161.00 | OK |
Version: 1.3.8
Check: Rd cross-references
Result: NOTE
Undeclared package ‘rappdirs’ in Rd xrefs
Flavor: r-devel-linux-x86_64-fedora-clang