CRAN Package Check Results for Package robfilter

Last updated on 2018-07-17 22:50:53 CEST.

Flavor Version Tinstall Tcheck Ttotal Status Flags
r-devel-linux-x86_64-debian-clang 4.1.1 16.50 98.00 114.50 WARN
r-devel-linux-x86_64-debian-gcc 4.1.1 14.79 75.02 89.81 OK
r-devel-linux-x86_64-fedora-clang 4.1.1 140.70 WARN
r-devel-linux-x86_64-fedora-gcc 4.1.1 134.97 OK
r-devel-windows-ix86+x86_64 4.1.1 50.00 223.00 273.00 OK
r-patched-linux-x86_64 4.1.1 20.18 98.82 119.00 OK
r-patched-solaris-x86 4.1.1 176.70 OK
r-release-linux-x86_64 4.1.1 19.90 99.17 119.07 OK
r-release-windows-ix86+x86_64 4.1.1 47.00 225.00 272.00 OK
r-release-osx-x86_64 4.1.1 WARN
r-oldrel-windows-ix86+x86_64 4.1.1 30.00 160.00 190.00 OK
r-oldrel-osx-x86_64 4.1.1 OK

Check Details

Version: 4.1.1
Check: whether package can be installed
Result: WARN
    Found the following significant warnings:
     ./hammock.h:369:15: warning: assigning field to itself [-Wself-assign-field]
Flavors: r-devel-linux-x86_64-debian-clang, r-devel-linux-x86_64-fedora-clang, r-release-osx-x86_64