Last updated on 2023-10-02 22:08:09 CEST.
Flavor | Version | Tinstall | Tcheck | Ttotal | Status | Flags |
---|---|---|---|---|---|---|
r-devel-linux-x86_64-debian-clang | 1.2-3 | 31.62 | 114.79 | 146.41 | OK | |
r-devel-linux-x86_64-debian-gcc | 1.2-3 | 23.08 | 87.62 | 110.70 | OK | |
r-devel-linux-x86_64-fedora-clang | 1.2-3 | 190.02 | OK | |||
r-devel-linux-x86_64-fedora-gcc | 1.2-3 | 199.00 | OK | |||
r-devel-windows-x86_64 | 1.2-3 | 28.00 | 119.00 | 147.00 | OK | |
r-patched-linux-x86_64 | 1.2-3 | 32.90 | 110.69 | 143.59 | OK | |
r-release-linux-x86_64 | 1.2-3 | 32.84 | 113.07 | 145.91 | OK | |
r-release-macos-arm64 | 1.2-3 | 55.00 | OK | |||
r-release-macos-x86_64 | 1.2-3 | 91.00 | NOTE | |||
r-release-windows-x86_64 | 1.2-3 | 35.00 | 139.00 | 174.00 | OK | |
r-oldrel-macos-arm64 | 1.2-3 | 58.00 | OK | |||
r-oldrel-macos-x86_64 | 1.2-3 | 72.00 | OK | |||
r-oldrel-windows-x86_64 | 1.2-3 | 33.00 | 137.00 | 170.00 | OK |
Version: 1.2-3
Check: package dependencies
Result: NOTE
Package suggested but not available for checking: ‘robustbase’
Flavor: r-release-macos-x86_64