Last updated on 2023-12-03 22:57:19 CET.
Flavor | Version | Tinstall | Tcheck | Ttotal | Status | Flags |
---|---|---|---|---|---|---|
r-devel-linux-x86_64-debian-clang | 1.1 | 214.40 | 29.59 | 243.99 | NOTE | |
r-devel-linux-x86_64-debian-gcc | 1.1 | 135.43 | 22.78 | 158.21 | NOTE | |
r-devel-linux-x86_64-fedora-clang | 1.1 | 366.83 | NOTE | |||
r-devel-linux-x86_64-fedora-gcc | 1.1 | 358.34 | NOTE | |||
r-devel-windows-x86_64 | 1.1 | 155.00 | 66.00 | 221.00 | NOTE | |
r-patched-linux-x86_64 | 1.1 | 162.65 | 28.55 | 191.20 | NOTE | |
r-release-linux-x86_64 | 1.1 | 175.40 | 28.91 | 204.31 | NOTE | |
r-release-macos-arm64 | 1.1 | 70.00 | NOTE | |||
r-release-macos-x86_64 | 1.1 | 116.00 | NOTE | |||
r-release-windows-x86_64 | 1.1 | 196.00 | 74.00 | 270.00 | NOTE | |
r-oldrel-macos-arm64 | 1.1 | 76.00 | NOTE | |||
r-oldrel-macos-x86_64 | 1.1 | 88.00 | NOTE | |||
r-oldrel-windows-x86_64 | 1.1 | 187.00 | 73.00 | 260.00 | OK |
Version: 1.1
Check: C++ specification
Result: NOTE
Specified C++11: please drop specification unless essential
Flavors: r-devel-linux-x86_64-debian-clang, r-devel-linux-x86_64-debian-gcc, r-devel-linux-x86_64-fedora-clang, r-devel-linux-x86_64-fedora-gcc, r-devel-windows-x86_64, r-patched-linux-x86_64, r-release-linux-x86_64, r-release-macos-arm64, r-release-macos-x86_64, r-release-windows-x86_64
Version: 1.1
Check: Rd files
Result: NOTE
checkRd: (-1) roboBayes.Rd:62-63: Lost braces in \itemize; meant \describe ?
checkRd: (-1) roboBayes.Rd:65-67: Lost braces in \itemize; meant \describe ?
checkRd: (-1) roboBayes.Rd:69-70: Lost braces in \itemize; meant \describe ?
checkRd: (-1) roboBayes.Rd:72-73: Lost braces in \itemize; meant \describe ?
checkRd: (-1) roboBayes.Rd:140-141: Lost braces in \itemize; \value handles \item{}{} directly
checkRd: (-1) roboBayes.Rd:142-143: Lost braces in \itemize; \value handles \item{}{} directly
checkRd: (-1) roboBayes.Rd:144-145: Lost braces in \itemize; \value handles \item{}{} directly
checkRd: (-1) roboBayes.Rd:146-147: Lost braces in \itemize; \value handles \item{}{} directly
checkRd: (-1) roboBayes.Rd:148-153: Lost braces in \itemize; \value handles \item{}{} directly
checkRd: (-1) roboBayes.Rd:154-155: Lost braces in \itemize; \value handles \item{}{} directly
checkRd: (-1) roboBayes.Rd:156-158: Lost braces in \itemize; \value handles \item{}{} directly
checkRd: (-1) roboBayes.Rd:159: Lost braces in \itemize; \value handles \item{}{} directly
checkRd: (-1) roboBayes.Rd:160-161: Lost braces in \itemize; \value handles \item{}{} directly
checkRd: (-1) roboBayes.Rd:162: Lost braces in \itemize; \value handles \item{}{} directly
checkRd: (-1) roboBayes.Rd:163: Lost braces in \itemize; \value handles \item{}{} directly
checkRd: (-1) roboBayes.Rd:164: Lost braces in \itemize; \value handles \item{}{} directly
checkRd: (-1) roboBayes.Rd:165: Lost braces in \itemize; \value handles \item{}{} directly
checkRd: (-1) roboBayes.Rd:171-172: Lost braces in \itemize; \value handles \item{}{} directly
checkRd: (-1) roboBayes.Rd:176-177: Lost braces in \itemize; \value handles \item{}{} directly
checkRd: (-1) roboBayes.Rd:178-179: Lost braces in \itemize; \value handles \item{}{} directly
checkRd: (-1) roboBayes.Rd:180-181: Lost braces in \itemize; \value handles \item{}{} directly
checkRd: (-1) roboBayes.Rd:182-183: Lost braces in \itemize; \value handles \item{}{} directly
checkRd: (-1) roboBayes.Rd:187-188: Lost braces in \itemize; \value handles \item{}{} directly
checkRd: (-1) roboBayes.Rd:189-190: Lost braces in \itemize; \value handles \item{}{} directly
checkRd: (-1) roboBayes.Rd:191-192: Lost braces in \itemize; \value handles \item{}{} directly
checkRd: (-1) roboBayes.Rd:193-195: Lost braces in \itemize; \value handles \item{}{} directly
checkRd: (-1) roboBayes.Rd:196-197: Lost braces in \itemize; \value handles \item{}{} directly
Flavors: r-devel-linux-x86_64-debian-clang, r-devel-linux-x86_64-debian-gcc
Version: 1.1
Check: installed package size
Result: NOTE
installed size is 7.3Mb
sub-directories of 1Mb or more:
libs 7.2Mb
Flavors: r-release-macos-arm64, r-release-macos-x86_64, r-oldrel-macos-arm64, r-oldrel-macos-x86_64