CRAN Package Check Results for Package robotstxt

Last updated on 2021-04-12 22:51:14 CEST.

Flavor Version Tinstall Tcheck Ttotal Status Flags
r-devel-linux-x86_64-debian-clang 0.7.13 2.98 40.17 43.15 NOTE
r-devel-linux-x86_64-debian-gcc 0.7.13 2.33 30.79 33.12 NOTE
r-devel-linux-x86_64-fedora-clang 0.7.13 61.48 NOTE
r-devel-linux-x86_64-fedora-gcc 0.7.13 51.53 NOTE
r-devel-windows-ix86+x86_64 0.7.13 6.00 57.00 63.00 NOTE
r-devel-windows-x86_64-gcc10-UCRT 0.7.13 NOTE
r-patched-linux-x86_64 0.7.13 2.86 39.34 42.20 OK
r-patched-solaris-x86 0.7.13 72.20 NOTE
r-release-linux-x86_64 0.7.13 2.95 39.23 42.18 OK
r-release-macos-x86_64 0.7.13 NOTE
r-release-windows-ix86+x86_64 0.7.13 5.00 62.00 67.00 OK
r-oldrel-macos-x86_64 0.7.13 NOTE
r-oldrel-windows-ix86+x86_64 0.7.13 6.00 40.00 46.00 OK

Check Details

Version: 0.7.13
Check: LazyData
Result: NOTE
     'LazyData' is specified without a 'data' directory
Flavors: r-devel-linux-x86_64-debian-clang, r-devel-linux-x86_64-debian-gcc, r-devel-linux-x86_64-fedora-clang, r-devel-linux-x86_64-fedora-gcc, r-devel-windows-ix86+x86_64, r-devel-windows-x86_64-gcc10-UCRT

Version: 0.7.13
Check: dependencies in R code
Result: NOTE
    Namespace in Imports field not imported from: ‘future’
     All declared Imports should be used.
Flavors: r-devel-linux-x86_64-fedora-clang, r-devel-linux-x86_64-fedora-gcc, r-devel-windows-x86_64-gcc10-UCRT, r-patched-solaris-x86, r-release-macos-x86_64, r-oldrel-macos-x86_64