Last updated on 2023-03-25 22:55:40 CET.
Flavor | Version | Tinstall | Tcheck | Ttotal | Status | Flags |
---|---|---|---|---|---|---|
r-devel-linux-x86_64-debian-clang | 2.0 | 3.08 | 31.01 | 34.09 | OK | |
r-devel-linux-x86_64-debian-gcc | 2.0 | 2.31 | 24.35 | 26.66 | OK | |
r-devel-linux-x86_64-fedora-clang | 2.0 | 47.08 | NOTE | |||
r-devel-linux-x86_64-fedora-gcc | 2.0 | 54.34 | NOTE | |||
r-patched-linux-x86_64 | 2.0 | 3.74 | 30.81 | 34.55 | OK | |
r-release-linux-x86_64 | 2.0 | 3.01 | 31.42 | 34.43 | OK | |
r-release-macos-arm64 | 2.0 | 19.00 | NOTE | |||
r-release-macos-x86_64 | 2.0 | 24.00 | NOTE | |||
r-release-windows-x86_64 | 2.0 | 19.00 | 60.00 | 79.00 | OK | |
r-oldrel-macos-arm64 | 2.0 | 24.00 | NOTE | |||
r-oldrel-macos-x86_64 | 2.0 | 33.00 | NOTE | |||
r-oldrel-windows-ix86+x86_64 | 2.0 | 7.00 | 55.00 | 62.00 | OK |
Version: 2.0
Check: data for non-ASCII characters
Result: NOTE
Note: found 6 marked UTF-8 strings
Flavors: r-devel-linux-x86_64-fedora-clang, r-devel-linux-x86_64-fedora-gcc, r-release-macos-arm64, r-release-macos-x86_64, r-oldrel-macos-arm64, r-oldrel-macos-x86_64