CRAN Package Check Results for Package rofanova

Last updated on 2023-09-21 23:03:30 CEST.

Flavor Version Tinstall Tcheck Ttotal Status Flags
r-devel-linux-x86_64-debian-clang 1.0.0 61.33 216.44 277.77 NOTE
r-devel-linux-x86_64-debian-gcc 1.0.0 37.51 159.07 196.58 NOTE
r-devel-linux-x86_64-fedora-clang 1.0.0 343.63 NOTE
r-devel-linux-x86_64-fedora-gcc 1.0.0 340.76 NOTE
r-devel-windows-x86_64 1.0.0 45.00 183.00 228.00 OK
r-patched-linux-x86_64 1.0.0 52.09 212.36 264.45 NOTE
r-release-linux-x86_64 1.0.0 45.05 207.60 252.65 NOTE
r-release-macos-arm64 1.0.0 99.00 NOTE
r-release-macos-x86_64 1.0.0 149.00 NOTE
r-release-windows-x86_64 1.0.0 61.00 236.00 297.00 OK
r-oldrel-macos-arm64 1.0.0 88.00 OK
r-oldrel-macos-x86_64 1.0.0 143.00 OK
r-oldrel-windows-x86_64 1.0.0 57.00 227.00 284.00 OK

Check Details

Version: 1.0.0
Check: C++ specification
Result: NOTE
     Specified C++11: please drop specification unless essential
Flavors: r-devel-linux-x86_64-debian-clang, r-devel-linux-x86_64-debian-gcc, r-devel-linux-x86_64-fedora-clang, r-devel-linux-x86_64-fedora-gcc, r-patched-linux-x86_64, r-release-linux-x86_64, r-release-macos-arm64, r-release-macos-x86_64