Last updated on 2024-04-18 22:52:57 CEST.
Flavor | Version | Tinstall | Tcheck | Ttotal | Status | Flags |
---|---|---|---|---|---|---|
r-devel-linux-x86_64-debian-clang | 0.9.16 | 30.00 | 70.94 | 100.94 | NOTE | |
r-devel-linux-x86_64-debian-gcc | 0.9.16 | 25.12 | 50.45 | 75.57 | NOTE | |
r-devel-linux-x86_64-fedora-clang | 0.9.16 | 131.22 | NOTE | |||
r-devel-linux-x86_64-fedora-gcc | 0.9.16 | 140.43 | NOTE | |||
r-prerel-macos-arm64 | 0.9.16 | 46.00 | NOTE | |||
r-prerel-macos-x86_64 | 0.9.16 | 108.00 | NOTE | |||
r-prerel-windows-x86_64 | 0.9.16 | 28.00 | 88.00 | 116.00 | NOTE | |
r-patched-linux-x86_64 | 0.9.16 | 33.63 | 65.60 | 99.23 | NOTE | |
r-release-linux-x86_64 | 0.9.16 | 33.95 | 63.22 | 97.17 | NOTE | |
r-release-macos-arm64 | 0.9.16 | 50.00 | NOTE | |||
r-release-macos-x86_64 | 0.9.16 | 110.00 | NOTE | |||
r-release-windows-x86_64 | 0.9.16 | 32.00 | 102.00 | 134.00 | NOTE | |
r-oldrel-macos-arm64 | 0.9.16 | 54.00 | NOTE | |||
r-oldrel-windows-x86_64 | 0.9.16 | 31.00 | 101.00 | 132.00 | NOTE |
Version: 0.9.16
Check: for GNU extensions in Makefiles
Result: NOTE
GNU make is a SystemRequirements.
Flavors: r-devel-linux-x86_64-debian-clang, r-devel-linux-x86_64-debian-gcc, r-devel-linux-x86_64-fedora-clang, r-devel-linux-x86_64-fedora-gcc, r-prerel-macos-arm64, r-prerel-macos-x86_64, r-prerel-windows-x86_64, r-patched-linux-x86_64, r-release-linux-x86_64, r-release-macos-arm64, r-release-macos-x86_64, r-release-windows-x86_64, r-oldrel-macos-arm64, r-oldrel-windows-x86_64