CRAN Package Check Results for Package rootSolve

Last updated on 2017-11-22 22:57:48 CET.

Flavor Version Tinstall Tcheck Ttotal Status Flags
r-devel-linux-x86_64-debian-clang 1.7 5.99 30.54 36.53 NOTE
r-devel-linux-x86_64-debian-gcc 1.7 9.73 71.97 81.69 NOTE
r-devel-linux-x86_64-fedora-clang 1.7 66.05 NOTE
r-devel-linux-x86_64-fedora-gcc 1.7 68.56 NOTE
r-devel-windows-ix86+x86_64 1.7 50.00 78.00 128.00 OK
r-patched-linux-x86_64 1.7 6.06 31.70 37.76 NOTE
r-patched-solaris-x86 1.7 104.30 OK
r-release-linux-x86_64 1.7 5.85 31.18 37.03 NOTE
r-release-windows-ix86+x86_64 1.7 29.00 72.00 101.00 OK
r-release-osx-x86_64 1.7 OK
r-oldrel-windows-ix86+x86_64 1.7 32.00 77.00 109.00 OK
r-oldrel-osx-x86_64 1.7 OK

Additional issues

rchk

Check Details

Version: 1.7
Check: compiled code
Result: NOTE
    File ‘rootSolve/libs/rootSolve.so’:
     Found no calls to: ‘R_registerRoutines’, ‘R_useDynamicSymbols’
    
    It is good practice to register native routines and to disable symbol
    search.
    
    See ‘Writing portable packages’ in the ‘Writing R Extensions’ manual.
Flavors: r-devel-linux-x86_64-debian-clang, r-devel-linux-x86_64-debian-gcc, r-devel-linux-x86_64-fedora-clang, r-devel-linux-x86_64-fedora-gcc, r-patched-linux-x86_64, r-release-linux-x86_64