CRAN Package Check Results for Package rootSolve

Last updated on 2018-09-23 22:47:11 CEST.

Flavor Version Tinstall Tcheck Ttotal Status Flags
r-devel-linux-x86_64-debian-clang 1.7 10.66 45.94 56.60 OK
r-devel-linux-x86_64-debian-gcc 1.7 8.10 36.37 44.47 OK
r-devel-linux-x86_64-fedora-clang 1.7 68.43 NOTE
r-devel-linux-x86_64-fedora-gcc 1.7 66.57 NOTE
r-devel-windows-ix86+x86_64 1.7 35.00 74.00 109.00 OK
r-patched-linux-x86_64 1.7 12.25 43.38 55.63 OK
r-patched-solaris-x86 1.7 100.00 OK
r-release-linux-x86_64 1.7 11.19 44.09 55.28 OK
r-release-windows-ix86+x86_64 1.7 51.00 96.00 147.00 OK
r-release-osx-x86_64 1.7 OK
r-oldrel-windows-ix86+x86_64 1.7 29.00 72.00 101.00 OK
r-oldrel-osx-x86_64 1.7 OK

Additional issues

rchk

Check Details

Version: 1.7
Check: compiled code
Result: NOTE
    File ‘rootSolve/libs/rootSolve.so’:
     Found no calls to: ‘R_registerRoutines’, ‘R_useDynamicSymbols’
    
    It is good practice to register native routines and to disable symbol
    search.
    
    See ‘Writing portable packages’ in the ‘Writing R Extensions’ manual.
Flavors: r-devel-linux-x86_64-fedora-clang, r-devel-linux-x86_64-fedora-gcc