CRAN Package Check Results for Package rpcdsearch

Last updated on 2019-12-11 22:51:22 CET.

Flavor Version Tinstall Tcheck Ttotal Status Flags
r-devel-linux-x86_64-debian-clang 1.0 10.57 86.04 96.61 NOTE
r-devel-linux-x86_64-debian-gcc 1.0 8.54 65.60 74.14 NOTE
r-devel-linux-x86_64-fedora-clang 1.0 118.32 OK
r-devel-linux-x86_64-fedora-gcc 1.0 113.63 OK
r-devel-windows-ix86+x86_64 1.0 10.00 8.00 18.00 ERROR
r-devel-windows-ix86+x86_64-gcc8 1.0 10.00 8.00 18.00 ERROR
r-patched-linux-x86_64 1.0 8.91 79.14 88.05 OK
r-patched-solaris-x86 1.0 118.10 OK
r-release-linux-x86_64 1.0 9.55 78.77 88.32 OK
r-release-windows-ix86+x86_64 1.0 16.00 78.00 94.00 OK
r-release-osx-x86_64 1.0 OK
r-oldrel-windows-ix86+x86_64 1.0 9.00 73.00 82.00 OK
r-oldrel-osx-x86_64 1.0 OK

Check Details

Version: 1.0
Check: package vignettes
Result: NOTE
    Package vignette with placeholder title 'Vignette Title':
     'codelists.Rmd'
Flavors: r-devel-linux-x86_64-debian-clang, r-devel-linux-x86_64-debian-gcc

Version: 1.0
Check: whether package can be installed
Result: ERROR
    Installation failed.
Flavors: r-devel-windows-ix86+x86_64, r-devel-windows-ix86+x86_64-gcc8