CRAN Package Check Results for Package rpcdsearch

Last updated on 2019-08-17 22:46:37 CEST.

Flavor Version Tinstall Tcheck Ttotal Status Flags
r-devel-linux-x86_64-debian-clang 1.0 9.85 84.10 93.95 NOTE
r-devel-linux-x86_64-debian-gcc 1.0 8.63 63.42 72.05 NOTE
r-devel-linux-x86_64-fedora-gcc 1.0 101.95 OK
r-devel-windows-ix86+x86_64 1.0 26.00 81.00 107.00 NOTE
r-patched-linux-x86_64 1.0 9.61 79.99 89.60 OK
r-patched-solaris-x86 1.0 127.50 OK
r-release-linux-x86_64 1.0 9.53 80.74 90.27 OK
r-release-windows-ix86+x86_64 1.0 29.00 109.00 138.00 OK
r-release-osx-x86_64 1.0 OK
r-oldrel-windows-ix86+x86_64 1.0 16.00 99.00 115.00 OK
r-oldrel-osx-x86_64 1.0 OK

Check Details

Version: 1.0
Check: package vignettes
Result: NOTE
    Package vignette with placeholder title 'Vignette Title':
     'codelists.Rmd'
Flavors: r-devel-linux-x86_64-debian-clang, r-devel-linux-x86_64-debian-gcc, r-devel-windows-ix86+x86_64