Last updated on 2024-04-17 23:00:08 CEST.
Flavor | Version | Tinstall | Tcheck | Ttotal | Status | Flags |
---|---|---|---|---|---|---|
r-devel-linux-x86_64-debian-clang | 0.5.1 | 92.29 | 58.57 | 150.86 | OK | |
r-devel-linux-x86_64-debian-gcc | 0.5.1 | 75.30 | 44.13 | 119.43 | OK | |
r-devel-linux-x86_64-fedora-clang | 0.5.1 | 199.99 | OK | |||
r-devel-linux-x86_64-fedora-gcc | 0.5.1 | 215.18 | OK | |||
r-prerel-macos-arm64 | 0.5.1 | 49.00 | NOTE | |||
r-prerel-windows-x86_64 | 0.5.1 | 70.00 | 88.00 | 158.00 | NOTE | |
r-patched-linux-x86_64 | 0.5.1 | 87.75 | 55.75 | 143.50 | OK | |
r-release-linux-x86_64 | 0.5.1 | 84.07 | 56.50 | 140.57 | OK | |
r-release-macos-arm64 | 0.5.1 | 55.00 | NOTE | |||
r-release-macos-x86_64 | 0.5.1 | 96.00 | NOTE | |||
r-release-windows-x86_64 | 0.5.1 | 89.00 | 103.00 | 192.00 | NOTE | |
r-oldrel-macos-arm64 | 0.5.1 | 54.00 | NOTE | |||
r-oldrel-windows-x86_64 | 0.5.1 | 82.00 | 100.00 | 182.00 | NOTE |
Version: 0.5.1
Check: installed package size
Result: NOTE
installed size is 9.9Mb
sub-directories of 1Mb or more:
data 2.3Mb
libs 6.0Mb
Flavors: r-prerel-macos-arm64, r-prerel-windows-x86_64, r-release-macos-arm64, r-release-macos-x86_64, r-release-windows-x86_64, r-oldrel-macos-arm64, r-oldrel-windows-x86_64