CRAN Package Check Results for Package rprime

Last updated on 2020-01-18 22:48:44 CET.

Flavor Version Tinstall Tcheck Ttotal Status Flags
r-devel-linux-x86_64-debian-clang 0.1.0 3.20 42.02 45.22 NOTE
r-devel-linux-x86_64-debian-gcc 0.1.0 2.32 32.64 34.96 NOTE
r-devel-linux-x86_64-fedora-clang 0.1.0 58.37 NOTE
r-devel-linux-x86_64-fedora-gcc 0.1.0 56.67 NOTE
r-devel-windows-ix86+x86_64 0.1.0 13.00 84.00 97.00 NOTE
r-devel-windows-ix86+x86_64-gcc8 0.1.0 7.00 77.00 84.00 NOTE
r-patched-linux-x86_64 0.1.0 2.66 37.97 40.63 NOTE
r-patched-solaris-x86 0.1.0 76.60 NOTE
r-release-linux-x86_64 0.1.0 2.50 38.55 41.05 NOTE
r-release-windows-ix86+x86_64 0.1.0 10.00 83.00 93.00 NOTE
r-release-osx-x86_64 0.1.0 NOTE
r-oldrel-windows-ix86+x86_64 0.1.0 6.00 71.00 77.00 NOTE
r-oldrel-osx-x86_64 0.1.0 NOTE

Check Details

Version: 0.1.0
Check: R code for possible problems
Result: NOTE
    but_last: no visible global function definition for 'head'
    first: no visible global function definition for 'head'
    last: no visible global function definition for 'tail'
    preview_frames: no visible global function definition for 'str'
    print.EprimeFrame: no visible global function definition for 'str'
    print.FrameList: no visible global function definition for 'str'
    Undefined global functions or variables:
     head str tail
    Consider adding
     importFrom("utils", "head", "str", "tail")
    to your NAMESPACE file.
Flavors: r-devel-linux-x86_64-debian-clang, r-devel-linux-x86_64-debian-gcc, r-devel-linux-x86_64-fedora-clang, r-devel-linux-x86_64-fedora-gcc, r-devel-windows-ix86+x86_64, r-devel-windows-ix86+x86_64-gcc8, r-patched-linux-x86_64, r-patched-solaris-x86, r-release-linux-x86_64, r-release-windows-ix86+x86_64, r-release-osx-x86_64, r-oldrel-windows-ix86+x86_64, r-oldrel-osx-x86_64