CRAN Package Check Results for Package rprime

Last updated on 2019-08-22 22:47:05 CEST.

Flavor Version Tinstall Tcheck Ttotal Status Flags
r-devel-linux-x86_64-debian-clang 0.1.0 3.08 38.14 41.22 NOTE
r-devel-linux-x86_64-debian-gcc 0.1.0 2.29 30.33 32.62 NOTE
r-devel-linux-x86_64-fedora-clang 0.1.0 51.52 NOTE
r-devel-linux-x86_64-fedora-gcc 0.1.0 49.27 NOTE
r-devel-windows-ix86+x86_64 0.1.0 9.00 176.00 185.00 NOTE
r-patched-linux-x86_64 0.1.0 2.81 37.81 40.62 NOTE
r-patched-solaris-x86 0.1.0 80.40 NOTE
r-release-linux-x86_64 0.1.0 2.36 38.26 40.62 NOTE
r-release-windows-ix86+x86_64 0.1.0 8.00 75.00 83.00 NOTE
r-release-osx-x86_64 0.1.0 NOTE
r-oldrel-windows-ix86+x86_64 0.1.0 5.00 68.00 73.00 NOTE
r-oldrel-osx-x86_64 0.1.0 NOTE

Check Details

Version: 0.1.0
Check: R code for possible problems
Result: NOTE
    but_last: no visible global function definition for 'head'
    first: no visible global function definition for 'head'
    last: no visible global function definition for 'tail'
    preview_frames: no visible global function definition for 'str'
    print.EprimeFrame: no visible global function definition for 'str'
    print.FrameList: no visible global function definition for 'str'
    Undefined global functions or variables:
     head str tail
    Consider adding
     importFrom("utils", "head", "str", "tail")
    to your NAMESPACE file.
Flavors: r-devel-linux-x86_64-debian-clang, r-devel-linux-x86_64-debian-gcc, r-devel-linux-x86_64-fedora-clang, r-devel-linux-x86_64-fedora-gcc, r-devel-windows-ix86+x86_64, r-patched-linux-x86_64, r-patched-solaris-x86, r-release-linux-x86_64, r-release-windows-ix86+x86_64, r-release-osx-x86_64, r-oldrel-windows-ix86+x86_64, r-oldrel-osx-x86_64