Last updated on 2024-04-19 22:56:01 CEST.
Flavor | Version | Tinstall | Tcheck | Ttotal | Status | Flags |
---|---|---|---|---|---|---|
r-devel-linux-x86_64-debian-clang | 0.9.22 | 5.69 | 184.81 | 190.50 | NOTE | |
r-devel-linux-x86_64-debian-gcc | 0.9.22 | NOTE | ||||
r-devel-linux-x86_64-fedora-clang | 0.9.22 | 229.18 | NOTE | |||
r-devel-linux-x86_64-fedora-gcc | 0.9.22 | 241.78 | NOTE | |||
r-prerel-macos-arm64 | 0.9.22 | 67.00 | NOTE | |||
r-prerel-windows-x86_64 | 0.9.22 | 4.00 | 167.00 | 171.00 | NOTE | |
r-patched-linux-x86_64 | 0.9.22 | 11.82 | 183.61 | 195.43 | NOTE | |
r-release-linux-x86_64 | 0.9.22 | 3.51 | 181.82 | 185.33 | OK | |
r-release-macos-arm64 | 0.9.22 | 80.00 | OK | |||
r-release-macos-x86_64 | 0.9.22 | 115.00 | OK | |||
r-release-windows-x86_64 | 0.9.22 | 6.00 | 198.00 | 204.00 | OK | |
r-oldrel-macos-arm64 | 0.9.22 | 61.00 | NOTE | |||
r-oldrel-windows-x86_64 | 0.9.22 | 7.00 | 198.00 | 205.00 | OK |
Version: 0.9.22
Check: Rd files
Result: NOTE
checkRd: (-1) rptBinary.Rd:89: Lost braces
89 | Note that the distribution might not be symmetrical, in which case the emph{se} is less informative.}
| ^
Flavors: r-devel-linux-x86_64-debian-clang, r-devel-linux-x86_64-debian-gcc, r-devel-linux-x86_64-fedora-clang, r-devel-linux-x86_64-fedora-gcc, r-prerel-macos-arm64, r-prerel-windows-x86_64, r-patched-linux-x86_64
Version: 0.9.22
Check: dependencies in R code
Result: NOTE
Namespace in Imports field not imported from: ‘methods’
All declared Imports should be used.
Flavors: r-devel-linux-x86_64-fedora-clang, r-devel-linux-x86_64-fedora-gcc, r-oldrel-macos-arm64