CRAN Package Check Results for Package rpubchem

Last updated on 2018-10-16 22:56:37 CEST.

Flavor Version Tinstall Tcheck Ttotal Status Flags
r-devel-linux-x86_64-debian-clang 1.5.10 4.92 58.79 63.71 OK
r-devel-linux-x86_64-debian-gcc 1.5.10 3.89 45.88 49.77 OK
r-devel-linux-x86_64-fedora-clang 1.5.10 73.35 OK
r-devel-linux-x86_64-fedora-gcc 1.5.10 70.87 OK
r-devel-windows-ix86+x86_64 1.5.10 13.00 79.00 92.00 ERROR
r-patched-linux-x86_64 1.5.10 3.61 48.73 52.34 OK
r-patched-solaris-x86 1.5.10 95.80 OK
r-release-linux-x86_64 1.5.10 4.11 48.77 52.88 OK
r-release-windows-ix86+x86_64 1.5.10 13.00 96.00 109.00 OK
r-release-osx-x86_64 1.5.10 OK
r-oldrel-windows-ix86+x86_64 1.5.10 16.00 70.00 86.00 OK
r-oldrel-osx-x86_64 1.5.10 OK

Check Details

Version: 1.5.10
Check: examples
Result: ERROR
    Running examples in 'rpubchem-Ex.R' failed
    The error most likely occurred in:
    
    > ### Name: get.cids.by.aid
    > ### Title: Retreive CID's for the given bioassay
    > ### Aliases: get.cids.by.aid
    >
    > ### ** Examples
    >
    > get.cids.by.aid(2044)
     [1] 1201 3610 3793 4497 7573 8646 9046 17520
     [9] 31316 32251 34458 34633 40598 41368 43234 47508
     [17] 58953 62969 64143 66146 66541 68207 76915 79403
     [25] 91378 100492 110119 114298 130606 145758 149800 150655
     [33] 160115 164754 164981 182785 188677 199391 199911 218206
     [41] 220284 220706 220846 223284 229939 232432 232557 244989
     [49] 245216 255329 258625 279619 282594 301935 305244 312590
     [57] 313350 314212 314707 321719 325292 328910 339730 365208
     [65] 371687 373692 380438 394579 446541 470952 470958 480272
     [73] 546968 548573 555773 561049 563075 564104 566621 580265
     [81] 580266 606093 606505 619796 620761 625053 630034 630595
     [89] 644425 644442 644732 644979 645582 645652 645760 645978
     [97] 645989 646158 646338 646459 646678 646852 646977 647455
     [105] 647549 648030 648122 648300 648474 648560 648581 648612
     [113] 648779 648878 648978 648986 649031 649180 649376 649504
     [121] 649525 649647 650140 650148 650193 650798 650865 651201
     [129] 651236 651422 651866 652021 652299 652303 652524 652581
     [137] 652628 653045 653157 653939 653978 654068 654128 654196
     [145] 654593 654722 654851 655205 655480 655796 655811 655818
     [153] 655938 655976 656240 657462 657586 657650 658010 658104
     [161] 658118 658311 658604 658612 658682 658785 658842 658948
     [169] 658950 659062 659069 659077 659121 659226 659383 659852
     [177] 659902 660236 660289 660507 661234 661261 661288 661535
     [185] 661910 662044 662147 662228 662273 662276 662451 662466
     [193] 662587 662606 662882 662954 662963 663060 663120 663159
     [201] 663230 663315 663459 663493 663574 663656 663750 663792
     [209] 663821 663838 663848 663961 664049 664069 664154 664282
     [217] 664439 664956 665597 665720 666067 666227 666372 666490
     [225] 666746 666802 666824 666838 666860 666977 667118 668465
     [233] 672003 673490 677923 678099 678271 683024 683933 686057
     [241] 689261 689389 690247 693996 694001 696881 697203 697226
     [249] 697235 698490 699795 700555 700833 701939 702046 702582
     [257] 704473 704482 704499 704533 704848 705261 709461 712949
     [265] 714518 717880 719776 720934 721060 721517 721948 723918
     [273] 727824 728884 730156 731393 731720 734388 735606 736912
     [281] 738092 741783 743792 744450 746609 749081 750129 751394
     [289] 751550 751573 754268 756059 757113 757124 757908 761522
     [297] 763564 765471 765802 765891 766064 767374 768195 768261
     [305] 768370 768447 772084 772522 773126 773605 779066 779240
     [313] 780682 780945 781700 783786 784087 784090 784224 784312
     [321] 784585 784639 788501 791069 791324 792077 792487 792502
     [329] 792603 799448 799470 800048 800465 800782 800941 801366
     [337] 801625 804241 807557 818737 822107 825248 825591 826684
     [345] 827650 827711 831701 832212 832213 836006 844733 847872
     [353] 847874 848683 849734 851232 851542 852940 854216 861664
     [361] 861730 867248 867326 868430 870479 879019 879675 881135
     [369] 884265 884291 885036 888153 889490 890649 891285 892093
     [377] 892164 900971 901425 901998 902097 902104 902800 906089
     [385] 912304 914449 930151 930617 934512 934996 935040 935207
     [393] 935358 935381 935415 935878 936147 937679 938946 941679
     [401] 941801 943399 944284 944467 946216 946310 946666 946898
     [409] 950649 950897 969847 969982 970686 970870 972178 972317
     [417] 973011 973067 975656 975848 978585 979661 983945 989046
     [425] 990853 991000 997548 998758 998879 999279 999529 1000348
     [433] 1001121 1001348 1001459 1004945 1006987 1012900 1014412 1015626
     [441] 1017506 1017761 1017782 1021028 1023409 1034421 1034468 1034730
     [449] 1040117 1046630 1046754 1047183 1047194 1050959 1051635 1067678
     [457] 1069530 1071670 1072148 1073876 1074920 1074927 1077243 1077805
     [465] 1078044 1080132 1081872 1083196 1083213 1083526 1085354 1086028
     [473] 1086274 1086292 1089897 1090196 1090308 1090779 1091072 1091600
     [481] 1092467 1092878 1093278 1093989 1094006 1094050 1094423 1094573
     [489] 1095335 1096074 1096078 1109397 1109408 1111155 1111827 1113554
     [497] 1115796 1116953 1117367 1117926 1122471 1122641 1122716 1126295
     [505] 1130106 1130551 1131801 1135539 1141321 1144479 1149496 1155282
     [513] 1155412 1155441 1155496 1161245 1163790 1164613 1168573 1172423
     [521] 1175395 1176289 1177216 1179390 1189450 1189521 1190108 1190196
     [529] 1201780 1201836 1201888 1201889 1204412 1206996 1207632 1207959
     [537] 1209279 1209895 1211550 1214515 1214519 1214669 1214688 1215650
     [545] 1215863 1216381 1218110 1219914 1226751 1226928 1227876 1232742
     [553] 1236299 1236985 1240113 1242782 1242821 1243678 1244312 1244750
     [561] 1246024 1246990 1247326 1247737 1248704 1249075 1249455 1249869
     [569] 1250656 1251070 1251267 1251350 1251584 1252694 1253962 1254201
     [577] 1254467 1254472 1254477 1254872 1256380 1256854 1256999 1257113
     [585] 1258236 1258750 1259441 1261460 1261655 1261661 1261749 1262919
     [593] 1263596 1263653 1264233 1264297 1264386 1266457 1266482 1266904
     [601] 1267511 1267828 1271299 1272579 1273744 1281119 1282354 1287415
     [609] 1288156 1288496 1288502 1288984 1290899 1292700 1293541 1294143
     [617] 1294874 1296926 1298115 1298163 1298953 1299110 1299127 1299980
     [625] 1300179 1301411 1301976 1305287 1307465 1310685 1312356 1313639
     [633] 1314274 1314470 1314771 1314910 1315075 1316617 1319945 1321203
     [641] 1323304 1327568 1330022 1333576 1335223 1335691 1337930 1339800
     [649] 1340199 1341554 1342143 1346051 1346843 1363467 1363858 1374146
     [657] 1375750 1376867 1377281 1378052 1378271 1378292 1380835 1380879
     [665] 1380898 1385049 1386886 1388836 1391579 1400145 1416207 1416668
     [673] 1418997 1420397 1423235 1423270 1424069 1424303 1430276 1430426
     [681] 1430433 1430541 1430574 1432646 1435140 1439943 1440402 1441865
     [689] 1442430 1447917 1447956 1448195 1449879 1450063 1453050 1453619
     [697] 1453739 1454305 1454774 1454780 1454820 1456563 1457119 1457597
     [705] 1458486 1458607 1459378 1459762 1462215 1463379 1469444 1470715
     [713] 1470719 1471035 1471060 1471842 1472329 1472429 1472487 1473168
     [721] 1473211 1474461 1474462 1474464 1474487 1474911 1475210 1475212
     [729] 1475395 1475767 1476556 1476563 1476806 1477439 1477595 1478662
     [737] 1478923 1479153 1479791 1479949 1480206 1480226 1480482 1481618
     [745] 1481943 1482138 1482680 1485057 1485505 1486292 1486766 1486826
     [753] 1486984 1486985 1487013 1487220 1487222 1487292 1487311 1487485
     [761] 1488161 1488852 1488911 1489238 1489433 1489499 1489562 1489654
     [769] 1489656 1489658 1491020 1491023 1491027 1491151 1491276 1492379
     [777] 1502520 1503535 1506533 1510228 1523539 1534928 1536777 1537038
     [785] 1538702 1542071 1547813 1550317 1550318 1560180 1560275 1560394
     [793] 1561558 1562721 1563678 1567573 1570196 1570351 1605305 1615655
     [801] 1627401 1643252 1653134 1712845 1715236 1715432 1718024 1718915
     [809] 1719635 1730746 1733550 1735482 1736240 1740663 1747861 1748303
     [817] 1748426 1749332 1749548 1750363 1757944 1763093 1765923 1766092
     [825] 1767806 1769556 1773765 1790491 1790658 1791929 1792237 1803196
     [833] 1814625 1814627 1814918 1817559 1819338 1820316 1825654 1825674
     [841] 1825676 1825680 1825684 1832171 1834346 1838181 1843741 1850240
     [849] 1850463 1851623 1856906 1856955 1861043 1867212 1874139 1878132
     [857] 1880332 1882806 1883255 1888316 1888652 1893384 1894994 1895574
     [865] 1895639 1897383 1899390 1900094 1901217 1905702 1907063 1911669
     [873] 1914471 1922894 1925031 1927171 1927297 1931608 1934103 1940871
     [881] 1943682 1944951 1948065 1952075 1956827 1961588 1961675 1963704
     [889] 1963859 1966682 1966876 1967927 1970240 1971514 1972202 1982224
     [897] 1982709 1983011 1990828 1994077 1997570 1998020 1998473 1999161
     [905] 2006272 2006281 2007903 2011082 2015981 2016176 2023917 2027474
     [913] 2029536 2030568 2032585 2036508 2049501 2051205 2052765 2052803
     [921] 2052984 2056359 2057778 2057884 2059984 2063608 2078551 2080184
     [929] 2080519 2080746 2082602 2083080 2084391 2084409 2084687 2085349
     [937] 2087280 2089534 2091027 2091029 2097157 2097287 2099944 2101118
     [945] 2101692 2101805 2103995 2104690 2106098 2108334 2112476 2113944
     [953] 2114519 2121112 2121356 2123263 2123970 2124433 2124708 2125622
     [961] 2127357 2127869 2129356 2129554 2131984 2132993 2136388 2140163
     [969] 2146184 2147586 2147955 2150444 2150794 2151449 2155616 2157724
     [977] 2157899 2157909 2157931 2157933 2158045 2158147 2158150 2158155
     [985] 2158156 2158952 2158957 2158975 2160948 2160949 2164602 2166747
     [993] 2167819 2168035 2168891 2169083 2170628 2171210 2174469 2175242
    [1001] 2176255 2176363 2177616 2178534 2183846 2186090 2186299 2186406
    [1009] 2188356 2190927 2192714 2192957 2194184 2195963 2195983 2196686
    [1017] 2199938 2200688 2201553 2202984 2204100 2204244 2205442 2205478
    [1025] 2205572 2211100 2211952 2214458 2214529 2214803 2214828 2215367
    [1033] 2216008 2219681 2220183 2220460 2220696 2223214 2225380 2227134
    [1041] 2228772 2229952 2230814 2233458 2234099 2234355 2238561 2238820
    [1049] 2238995 2241256 2244929 2245043 2246186 2256105 2265943 2269415
    [1057] 2270563 2276231 2281861 2287257 2288018 2296326 2296676 2298439
    [1065] 2301821 2306089 2308215 2308236 2309360 2318992 2320398 2320399
    [1073] 2320407 2320414 2320415 2320419 2321431 2322219 2324620 2325184
    [1081] 2325816 2327953 2328694 2328848 2328850 2330223 2330225 2331800
    [1089] 2332199 2334526 2335634 2336107 2337349 2337552 2342136 2345854
    [1097] 2346083 2348603 2352853 2353203 2353214 2353710 2360549 2370425
    [1105] 2373924 2378273 2383047 2384236 2387018 2397376 2398303 2404824
    [1113] 2405315 2405497 2406187 2406282 2408467 2412504 2414456 2416000
    [1121] 2416350 2417800 2418645 2422607 2423078 2426562 2426831 2427877
    [1129] 2430298 2432028 2434116 2435404 2441196 2443906 2452101 2452268
    [1137] 2452802 2452853 2453271 2454062 2454706 2454757 2455004 2455651
    [1145] 2457799 2460667 2462067 2462609 2465035 2467166 2468233 2469519
    [1153] 2471413 2472581 2475132 2479394 2494372 2495129 2496359 2499208
    [1161] 2499497 2500614 2504318 2517229 2519271 2523404 2524043 2526579
    [1169] 2530952 2531772 2535642 2537278 2539487 2540732 2542138 2544769
    [1177] 2546318 2547579 2550689 2551059 2551422 2553501 2564994 2578872
    [1185] 2585205 2594234 2594907 2608752 2632862 2660566 2674621 2677285
    [1193] 2690397 2698808 2699085 2700013 2723598 2725904 2725961 2726056
    [1201] 2726121 2728081 2729786 2731956 2738200 2738961 2740175 2741258
    [1209] 2744279 2745707 2746653 2755820 2765719 2766003 2766004 2766138
    [1217] 2766272 2766327 2766344 2767121 2767136 2767411 2768317 2768758
    [1225] 2768940 2769258 2769757 2770575 2783649 2784726 2790527 2790584
    [1233] 2790788 2796463 2802138 2802298 2802693 2802912 2806260 2806294
    [1241] 2806956 2809257 2809799 2809985 2809986 2810028 2810079 2811316
    [1249] 2812045 2812147 2812866 2813100 2815701 2816337 2816338 2816888
    [1257] 2822060 2822113 2823667 2823688 2826944 2828021 2828189 2829264
    [1265] 2830011 2830140 2831437 2831576 2831792 2831821 2831910 2832015
    [1273] 2833834 2833933 2834357 2834414 2834419 2834534 2835280 2835717
    [1281] 2836226 2836311 2837573 2837886 2838075 2838654 2839312 2839577
    [1289] 2839929 2839970 2840884 2842585 2843251 2843279 2843775 2843935
    [1297] 2845444 2845604 2846021 2846431 2846887 2846928 2847306 2847950
    [1305] 2849032 2850095 2851364 2851545 2851826 2851859 2852501 2852681
    [1313] 2852724 2852738 2852956 2854948 2855357 2856395 2856632 2857154
    [1321] 2858383 2858397 2858742 2858758 2858765 2859515 2859981 2861396
    [1329] 2862214 2864129 2865152 2865851 2867026 2868128 2868950 2870302
    [1337] 2870379 2870482 2872175 2872283 2872439 2874606 2875886 2876575
    [1345] 2876596 2876611 2876668 2876744 2876872 2877061 2877075 2877555
    [1353] 2879421 2879915 2881519 2881753 2882624 2882626 2882769 2882825
    [1361] 2882841 2885301 2885704 2885878 2886479 2886681 2887208 2888353
    [1369] 2888373 2891886 2892066 2892340 2892522 2892638 2893670 2893801
    [1377] 2894141 2894929 2896518 2897066 2897727 2899456 2900292 2900686
    [1385] 2902308 2902679 2902851 2904045 2904746 2905052 2905407 2905580
    [1393] 2905641 2908311 2908640 2909238 2911518 2913226 2914243 2914346
    [1401] 2914378 2920318 2920336 2920402 2920571 2920952 2921018 2921215
    [1409] 2921404 2921524 2921752 2922048 2922056 2922086 2922233 2922724
    [1417] 2922843 2922988 2923008 2923429 2923488 2923509 2923620 2923700
    [1425] 2923730 2923765 2923853 2923968 2923973 2924336 2924391 2924412
    [1433] 2924431 2924484 2924944 2925459 2926808 2927347 2927523 2927953
    [1441] 2928327 2928544 2928707 2928973 2928992 2929884 2930234 2931771
    [1449] 2932493 2933964 2934080 2934155 2934358 2934508 2935038 2935107
    [1457] 2935169 2935573 2935582 2935648 2935903 2936055 2936073 2936122
    [1465] 2936804 2937080 2937784 2939776 2939837 2941157 2941217 2941571
    [1473] 2941574 2941613 2942009 2942060 2942243 2942288 2943134 2943677
    [1481] 2943776 2943813 2943827 2943853 2944320 2944453 2944497 2944656
    [1489] 2944755 2944947 2945017 2945131 2945320 2945620 2946068 2946624
    [1497] 2946841 2947268 2947435 2948119 2948490 2948526 2948873 2949054
    [1505] 2949086 2949121 2949339 2949352 2949392 2949414 2949476 2949532
    [1513] 2949965 2950007 2951451 2951463 2951532 2951748 2951909 2952060
    [1521] 2952312 2952401 2952991 2953060 2953511 2954083 2954199 2954907
    [1529] 2955071 2955709 2955964 2956028 2956146 2956445 2956995 2957321
    [1537] 2957574 2958055 2958875 2959710 2960774 2960866 2960990 2961024
    [1545] 2961632 2961787 2961803 2961942 2962287 2962373 2962400 2962427
    [1553] 2962555 2962999 2965202 2965319 2965343 2965432 2965477 2965660
    [1561] 2965669 2965686 2966178 2966258 2966759 2967148 2967155 2967309
    [1569] 2967412 2967529 2967948 2968011 2968869 2969098 2969750 2969985
    [1577] 2970165 2970596 2970626 2971269 2971633 2971954 2972326 2972590
    [1585] 2973414 2973487 2973564 2973578 2973708 2973742 2973911 2973957
    [1593] 2974087 2974249 2974695 2974731 2974885 2975020 2975186 2975239
    [1601] 2975324 2975679 2975689 2975897 2976100 2976153 2976238 2976519
    [1609] 2976659 2976904 2977331 2977639 2977923 2978070 2978079 2978340
    [1617] 2979096 2979545 2980951 2982122 2982322 2982540 2982591 2982702
    [1625] 2983229 2983841 2984782 2986305 2986780 2987903 2988458 2988713
    [1633] 2989697 2990902 2992149 2992992 2993447 2993546 2994655 2995879
    [1641] 2996559 2997076 2997535 2997839 2997879 2997997 2998096 2998271
    [1649] 2998337 2998537 2998597 2998720 2998748 2998919 2998941 2999476
    [1657] 3000185 3005572 3032310 3074368 3089037 3089113 3089114 3089115
    [1665] 3089181 3089359 3090520 3090962 3091258 3091267 3092684 3093457
    [1673] 3093479 3095090 3100156 3100199 3101357 3101746 3103704 3105413
    [1681] 3106673 3107732 3111269 3111378 3113079 3113799 3114342 3114905
    [1689] 3116196 3118522 3119208 3119630 3120539 3121367 3124694 3128535
    [1697] 3129026 3129243 3129244 3129248 3129251 3129563 3129782 3130165
    [1705] 3130863 3132202 3132241 3132782 3136121 3136122 3136123 3136125
    [1713] 3136134 3136329 3136571 3138753 3138755 3139698 3143995 3145569
    [1721] 3146345 3148797 3150533 3150541 3152697 3153109 3154392 3155287
    [1729] 3157265 3159270 3159273 3161537 3162837 3166886 3167772 3171410
    [1737] 3174571 3179244 3179249 3179625 3180452 3180466 3180709 3184444
    [1745] 3184574 3185254 3185798 3187283 3189892 3190110 3190331 3190915
    [1753] 3190924 3190940 3192089 3192715 3193428 3193465 3193475 3193691
    [1761] 3193699 3193727 3193750 3198502 3201753 3202196 3202200 3202241
    [1769] 3202579 3202581 3202877 3203085 3210102 3215244 3216370 3216836
    [1777] 3216907 3218178 3218493 3219077 3220891 3221589 3222605 3222607
    [1785] 3223944 3223978 3224349 3225056 3225848 3226853 3228229 3228539
    [1793] 3228674 3229160 3229165 3229211 3229217 3229276 3229312 3229948
    [1801] 3231830 3232131 3232134 3235799 3235952 3235974 3236637 3236758
    [1809] 3236802 3236803 3236992 3237255 3237414 3237452 3237462 3237664
    [1817] 3237799 3237833 3237865 3237921 3238417 3238551 3238629 3238702
    [1825] 3238750 3239204 3239238 3239574 3239948 3240067 3240292 3240558
    [1833] 3240700 3240770 3240889 3241195 3241264 3241321 3241522 3241548
    [1841] 3241738 3241867 3241945 3242014 3242039 3242062 3242231 3242276
    [1849] 3242306 3242373 3242433 3242434 3242494 3242621 3242737 3242810
    [1857] 3242908 3242941 3243390 3243617 3243656 3243991 3244102 3244155
    [1865] 3244649 3244694 3244746 3244822 3244936 3245232 3245258 3245627
    [1873] 3245671 3245694 3245976 3246791 3248327 3254086 3255312 3271028
    [1881] 3278537 3296275 3297003 3309479 3309627 3311355 3315893 3327793
    [1889] 3331820 3332172 3340390 3347676 3351443 3369549 3373980 3375236
    [1897] 3376944 3379829 3380841 3386722 3397589 3410430 3411151 3412902
    [1905] 3417983 3420743 3424493 3427367 3429382 3432274 3434495 3438085
    [1913] 3458318 3475954 3478251 3495482 3497976 3499283 3505580 3505859
    [1921] 3508287 3511819 3512077 3516032 3518672 3524144 3524607 3535169
    [1929] 3536067 3543593 3544398 3545134 3553673 3554819 3555482 3558505
    [1937] 3561768 3562364 3564247 3568512 3570314 3570683 3573345 3574126
    [1945] 3574233 3590080 3590942 3597458 3600302 3600303 3600304 3601294
    [1953] 3602968 3604468 3605184 3605573 3606819 3613648 3616903 3621933
    [1961] 3626013 3628956 3630556 3646812 3647987 3652944 3660964 3662576
    [1969] 3669957 3682004 3685220 3685735 3690451 3690465 3692437 3693334
    [1977] 3696776 3701150 3703449 3706286 3713338 3714053 3714790 3715537
    [1985] 3715698 3727169 3734285 3734343 3737946 3740528 3742911 3743685
    [1993] 3755880 3755918 3761381 3762355 3767566 3769494 3770318 3774420
    [2001] 3774839 3777125 3778038 3778366 3784610 3787293 3787753 3788601
    [2009] 3788602 3793001 3793971 3794983 3804682 3808385 3811656 3812524
    [2017] 3812674 3816461 3826961 3827421 3835571 3836416 3839220 3841658
    [2025] 3851518 3863745 3875018 3875781 3878766 3881168 3888835 3898532
    [2033] 3904315 3911113 3918318 3923254 3926665 3926947 3936594 3939561
    [2041] 3953791 3954939 3966561 3974576 3974799 3976052 3979644 4003717
    [2049] 4008711 4011297 4012930 4018133 4019447 4023746 4027441 4029048
    [2057] 4039390 4042813 4047051 4047587 4054874 4058359 4064683 4066854
    [2065] 4067868 4072948 4074996 4075726 4077979 4080219 4086763 4088367
    [2073] 4091590 4091866 4092732 4095323 4098274 4098276 4101429 4104374
    [2081] 4109233 4112048 4114795 4118176 4129168 4132205 4135073 4136153
    [2089] 4137406 4139598 4145279 4147163 4150312 4153842 4154942 4156468
    [2097] 4158180 4160822 4160908 4165403 4166081 4178804 4178848 4183279
    [2105] 4187113 4189744 4191742 4192819 4206649 4208027 4213523 4214141
    [2113] 4221681 4226016 4229853 4230544 4230997 4246134 4247467 4247469
    [2121] 4249116 4250189 4250647 4251978 4252617 4255778 4261263 4264326
    [2129] 4273494 4278191 4278357 4278959 4279338 4281832 4282422 4283309
    [2137] 4283376 4288896 4291888 4295044 4296722 4301144 4305830 4306553
    [2145] 4317171 4317586 4320212 4321036 4325512 4329094 4341847 4342968
    [2153] 4353821 4354634 4366715 4374687 4377688 4400441 4400793 4406635
    [2161] 4407879 4410730 4412278 4415508 4416036 4418966 4420758 4421377
    [2169] 4422588 4424226 4432476 4433033 4435004 4444078 4448288 4454650
    [2177] 4456997 4457839 4462716 4466069 4519805 4535572 4536117 4542386
    [2185] 4547196 4547204 4550538 4555838 4557525 4571362 4583869 4584216
    [2193] 4588426 4592792 4595084 4600171 4603044 4606765 4607449 4617636
    [2201] 4637242 4648579 4649064 4649066 4652205 4661286 4667754 4670108
    [2209] 4671958 4677543 4679493 4680891 4688974 4779498 4779511 4780318
    [2217] 4782221 4795714 4799115 4831254 4831440 4832437 4832934 4833225
    [2225] 4833233 4833287 4834113 4839240 4839303 4839973 4840256 4840499
    [2233] 4840816 4841451 4841592 4852713 4860104 4860171 4876354 4876678
    [2241] 4878127 4878352 4879304 4879810 4880050 4880279 4880417 4880769
    [2249] 4882182 4882584 4882879 4893393 4895470 4896097 4896989 4902140
    [2257] 4905858 4911163 4917700 4918109 4919925 4920916 4961630 4962027
    [2265] 4966753 4967350 4967538 4971561 4974258 4975837 4983871 4985033
    [2273] 4993461 4993768 5000221 5002100 5002102 5005059 5007427 5010903
    [2281] 5014092 5019668 5025746 5035618 5039004 5044266 5044270 5044744
    [2289] 5045172 5056535 5060417 5069258 5069375 5069383 5072577 5080398
    [2297] 5091952 5093561 5093963 5098531 5099491 5102347 5103720 5109926
    [2305] 5111058 5114200 5127299 5128590 5128597 5130521 5136552 5140056
    [2313] 5140198 5147767 5152307 5152963 5153374 5169123 5170830 5170953
    [2321] 5176394 5177776 5183241 5187767 5188234 5191473 5209962 5220239
    [2329] 5222305 5224712 5236748 5239347 5284439 5286607 5287040 5291664
    [2337] 5291728 5303784 5307619 5309399 5310184 5310596 5312126 5323341
    [2345] 5331396 5331443 5331461 5331470 5332109 5333107 5333457 5333847
    [2353] 5333955 5334290 5334401 5334509 5334618 5334671 5334895 5335244
    [2361] 5335613 5336094 5336432 5337624 5337641 5338551 5340140 5341357
    [2369] 5341411 5341528 5341736 5342475 5342491 5342524 5343096 5343248
    [2377] 5343359 5345479 5345538 5345644 5346104 5346381 5346926 5347179
    [2385] 5348004 5348321 5349730 5354798 5359275 5389129 5389155 5389199
    [2393] 5389318 5389494 5389540 5389550 5389630 5389636 5389703 5389975
    [2401] 5390032 5391980 5393549 5394368 5394508 5395944 5397296 5399020
    [2409] 5399366 5399975 5404739 5405088 5405450 5406107 5406256 5407397
    [2417] 5411262 5411283 5411796 5412646 5424963 5431227 5431360 5431532
    [2425] 5433960 5434410 5435884 5436360 5440766 5445922 5449018 5452341
    [2433] 5453596 5453599 5454880 5464544 5465946 5465947 5469563 5472171
    [2441] 5497430 5508430 5512669 5515724 5516062 5523443 5524420 5527691
    [2449] 5529021 5532602 5553820 5575207 5578971 5602422 5634603 5636860
    [2457] 5638819 5648630 5666737 5674353 5676317 5680788 5708224 5712446
    [2465] 5713121 5713123 5713277 5717737 5717745 5719283 5719371 5719581
    [2473] 5719791 5719799 5720147 5720198 5720211 5721289 5722655 5724239
    [2481] 5725290 5725981 5725993 5726593 5727858 5727907 5729099 5730621
    [2489] 5730810 5731123 5731541 5731619 5731721 5731731 5732836 5734165
    [2497] 5734258 5734646 5734740 5735149 5735740 5736634 5736647 5738661
    [2505] 5739491 5739955 5740156 5740802 5742522 5749545 5750335 5750365
    [2513] 5751386 5754255 5754756 5754757 5756347 5756371 5756549 5758353
    [2521] 5760298 5761700 5762418 5764492 5769321 5770961 5770963 5771272
    [2529] 5771332 5771368 5771434 5774004 5776408 5780671 5786987 5791416
    [2537] 5794045 5798576 5808003 5817505 5818839 5825075 5829079 5848891
    [2545] 5867332 5880321 5884233 5884815 5896211 5899869 5902515 5905402
    [2553] 5912397 5914949 5919621 5923073 5924339 5927210 5927813 5928348
    [2561] 5929023 5930716 5937406 5939618 5941975 5942255 5951900 5952109
    [2569] 5953874 5971886 5974956 5975930 5977630 5995442 5999536 6006065
    [2577] 6011097 6011141 6018530 6018532 6019398 6036201 6042139 6043335
    [2585] 6050443 6052679 6053618 6053857 6054275 6064372 6065647 6070340
    [2593] 6074923 6076775 6079782 6083010 6085636 6087863 6098010 6105143
    [2601] 6108189 6110289 6110750 6110811 6112552 6122140 6155659 6156842
    [2609] 6157702 6160946 6165575 6167174 6172403 6175808 6177155 6183560
    [2617] 6212292 6217526 6223631 6223687 6223985 6224194 6256253 6259302
    [2625] 6264532 6267705 6270287 6270682 6295079 6295081 6296094 6296179
    [2633] 6322955 6340245 6346570 6362174 6362905 6363119 6372599 6379414
    [2641] 6381781 6385048 6386865 6392048 6400980 6402409 6402465 6404717
    [2649] 6407401 6407447 6409920 6412334 6413011 6413024 6413397 6463453
    [2657] 6465310 6468112 6469540 6471104 6484306 6485176 6491060 6492095
    [2665] 6498225 6500005 6504433 6505141 6506899 6508301 6514655 6515554
    [2673] 6516390 6517627 6518655 6520321 6524439 6526694 6533414 6537260
    [2681] 6537345 6537813 6602552 6602579 6602623 6602716 6602730 6602767
    [2689] 6602784 6602795 6602808 6602959 6602975 6602978 6603020 6603042
    [2697] 6603212 6603237 6603379 6603401 6603435 6603448 6603487 6603565
    [2705] 6603597 6604176 6604199 6614484 6615568 6616725 6618369 6619971
    [2713] 6620731 6621049 6621361 6622403 6622738 6622826 6622924 6623491
    [2721] 6669960 6862946 6864491 6866682 6868234 6868716 6870357 6871588
    [2729] 6871590 6871631 6872161 6872215 6872217 6872349 6872500 6872597
    [2737] 6872649 6872741 6872898 6872917 6873313 6874164 6874299 6874358
    [2745] 6874698 6874971 6875062 6875377 6875392 6875617 6875684 6875690
    [2753] 6875756 6876664 6876815 6877349 6877633 6877635 6877972 6878016
    [2761] 6878676 6880172 6882265 6882316 6883299 6884156 6884367 6884770
    [2769] 6885583 6886476 6886789 6887802 6889577 6889917 6890185 6892643
    [2777] 6893101 6893438 6894710 6895141 6896342 6896701 6898032 6898878
    [2785] 6899365 6899636 6899916 6900119 6900121 6900122 6900123 6900623
    [2793] 6900758 6901770 6901828 6901830 6902053 6902142 6902526 6902907
    [2801] 6904065 6906133 6907246 6952211 6953463 6981965 7010816 7066845
    [2809] 7066859 7075534 7080334 7086337 7105628 7106785 7109939 7118808
    [2817] 7118810 7119106 7152314 7172585 7202820 7202928 7207303 7207489
    [2825] 7218890 7231881 7285299 7292609 7292627 7294801 7313803 7314608
    [2833] 7326949 7535086 7538979 7539642 7560574 7694012 7838220 7861191
    [2841] 7921513 7998465 8072033 8219205 8919134 9119311 9123090 9499902
    [2849] 9503324 9516708 9522373 9547770 9549167 9549410 9549450 9549480
    [2857] 9549494 9549501 9549593 9549603 9549688 9549729 9549754 9550042
    [2865] 9550062 9550171 9550178 9550299 9550324 9550364 9550588 9550591
    [2873] 9550704 9550835 9550894 9551008 9551193 9551751 9551836 9551837
    [2881] 9551923 9551997 9552079 9553757 9554433 9555051 9556031 9556725
    [2889] 9556823 9557288 9557304 9557730 9559885 9559886 9559887 9560222
    [2897] 9560225 9563422 9564116 9564164 9564218 9564693 9566278 9566279
    [2905] 9566970 9567479 9567484 9567510 9568045 9568230 9568654 9568670
    [2913] 9569172 9578480 9580312 9580828 9581002 9581915 9581942 9582016
    [2921] 9583569 9584946 9585555 9586311 9586457 9586688 9587150 9587468
    [2929] 9587488 9587491 9587549 9587799 9587859 9589764 9589772 9590496
    [2937] 9590741 9590742 9590748 9590926 9593246 9593248 9593497 9593779
    [2945] 9593780 9593837 9594270 9594753 9594929 9594956 9594976 9600579
    [2953] 9600786 9606124 9606447 9607470 9612480 9613210 9613213 9615829
    [2961] 9615911 9616111 9616115 9616943 9616945 9619214 9620336 9621363
    [2969] 9625839 9627689 9629709 9633249 9633315 9634219 9635615 9638070
    [2977] 9640339 9641352 9642084 9644392 9646459 9646675 9647099 9649777
    [2985] 9650309 9653311 9659840 9661729 9662513 9663934 9668913 9670176
    [2993] 9671774 9677213 9677285 9678236 9678968 9679865 9679909 9680689
    [3001] 9680913 9681037 9681611 9684308 9685076 9688736 9695946 9725680
    [3009] 9938794 9947479 10000306 10037895 10079106 10707928 10807217 10860295
    [3017] 11568649 11834461 11834467 11834470 11905861 11948738 11948807 11948817
    [3025] 11948850 11948851 11948909 11949176 11957206 11957209 11957214 11957308
    [3033] 11958378 11958617 11958710 11958717 11958727 11958735 11958801 11958855
    [3041] 11970251 11979298 12004452 12004464 12004466 12004476 12004519 12004646
    [3049] 12004682 12004784 12004832 12004863 12004950 12004987 12005055 12005063
    [3057] 12005069 12005099 12005126 12005127 12005198 12005273 12005441 12005540
    [3065] 12005541 12005561 12005570 12005586 12005591 12005593 12005596 12005604
    [3073] 12005605 12005609 12005680 12005685 12005730 12005756 12005784 12005787
    [3081] 12005894 12005900 12005925 12005980 12005997 12006005 12006010 12006025
    [3089] 12006028 12006126 12006157 12006167 12006169 12006187 12006202 12006242
    [3097] 12006254 12303047 12402750 12437873 12531404 12694583 12703538 12748881
    [3105] 13015548 13167704 13481921 13634471 13847804 14286542 14291980 14412268
    [3113] 14641348 15055241 15270871 15399740 15538510 15740787 15740792 15885886
    [3121] 15944722 15944723 15944795 15944822 15944943 15944966 15944991 15945020
    [3129] 15945023 15945029 15945051 15945238 15945244 15945266 15945312 15945344
    [3137] 15945637 15945638 15945694 15945704 15945715 15945720 15945727 15945734
    [3145] 15945775 15945798 15987876 15988852 15989508 15989995 15991474 15991747
    [3153] 15994066 15994958 15994961 15995854 15998220 15998484 15999416 15999425
    [3161] 16001095 16001413 16004023 16007418 16008315 16008808 16008866 16012540
    [3169] 16012802 16014104 16017476 16020041 16020097 16022921 16022946 16060480
    [3177] 16060833 16187068 16187139 16187141 16187166 16187172 16187179 16187184
    [3185] 16187203 16187234 16187238 16187239 16187242 16187244 16187255 16187278
    [3193] 16187294 16187342 16187353 16187366 16187376 16187390 16187449 16187460
    [3201] 16187480 16187489 16187500 16187540 16187567 16187571 16187617 16187640
    [3209] 16187656 16187663 16187666 16187715 16187718 16187720 16187777 16187779
    [3217] 16187806 16187827 16187879 16187883 16187933 16187934 16187937 16187943
    [3225] 16187969 16187976 16188007 16188008 16188011 16188033 16188068 16188082
    [3233] 16188185 16188199 16188210 16188217 16188221 16188222 16188233 16188238
    [3241] 16188247 16188248 16188257 16188269 16188270 16188281 16188302 16188328
    [3249] 16188330 16188335 16188419 16188427 16188469 16188489 16188498 16188516
    [3257] 16188550 16188590 16188599 16188652 16188657 16188695 16188744 16188753
    [3265] 16188764 16188791 16188793 16188796 16188908 16188953 16188954 16188996
    [3273] 16188997 16189020 16189035 16189140 16189146 16189174 16189208 16189210
    [3281] 16189219 16189235 16189324 16189332 16189363 16189381 16189402 16189424
    [3289] 16189447 16189474 16189546 16189574 16189579 16189584 16189585 16189620
    [3297] 16189681 16189705 16189717 16189735 16189758 16189866 16189869 16189899
    [3305] 16189933 16189938 16189955 16190008 16190012 16190020 16190072 16190092
    [3313] 16190114 16190129 16190307 16190333 16190363 16190370 16190380 16190407
    [3321] 16190427 16190472 16190476 16190479 16190600 16190618 16190703 16190726
    [3329] 16190746 16190776 16190843 16190865 16190867 16190882 16190898 16190936
    [3337] 16190938 16190996 16191004 16191019 16191023 16191051 16191053 16191087
    [3345] 16191091 16191102 16191111 16191124 16191269 16191283 16191313 16191315
    [3353] 16191316 16191337 16191427 16191435 16191439 16191457 16191461 16191483
    [3361] 16191485 16191491 16191532 16191567 16191576 16191641 16191661 16191700
    [3369] 16191730 16191746 16191768 16191793 16191799 16191821 16191831 16191840
    [3377] 16191841 16191862 16191866 16191870 16191874 16191876 16191877 16191881
    [3385] 16191911 16191936 16191974 16192028 16192033 16192067 16192075 16192080
    [3393] 16192085 16192086 16192104 16192125 16192167 16192170 16192172 16192181
    [3401] 16192185 16192186 16192188 16192193 16192204 16192208 16192222 16192225
    [3409] 16192230 16192237 16192241 16192266 16192267 16192307 16192319 16192340
    [3417] 16192348 16192374 16192421 16192427 16192449 16192454 16192460 16192471
    [3425] 16192540 16192591 16192604 16192607 16192618 16192647 16192665 16192703
    [3433] 16192707 16192712 16192720 16192751 16192765 16192821 16192822 16192857
    [3441] 16192893 16192902 16192911 16192923 16192926 16192927 16192954 16192966
    [3449] 16192971 16192994 16192996 16193001 16193032 16193034 16193036 16193042
    [3457] 16193043 16193065 16193085 16193133 16193138 16193140 16193212 16193269
    [3465] 16193281 16193330 16193349 16193368 16193432 16193436 16193437 16193498
    [3473] 16193503 16193551 16193581 16193610 16193650 16193703 16193772 16193862
    [3481] 16193867 16193908 16193912 16193953 16193982 16194080 16194083 16194112
    [3489] 16194206 16194209 16194239 16194242 16194265 16194287 16194317 16194327
    [3497] 16194353 16194374 16194418 16194446 16194449 16194461 16194511 16194543
    [3505] 16194544 16194582 16194599 16194604 16194608 16194616 16194631 16194647
    [3513] 16194659 16194665 16194681 16194684 16194690 16194700 16194722 16194740
    [3521] 16194741 16194768 16194784 16194818 16194820 16194822 16194828 16194869
    [3529] 16194886 16194891 16194903 16194914 16194944 16194951 16195075 16195090
    [3537] 16195114 16195128 16195139 16195181 16195261 16195277 16195321 16195332
    [3545] 16195416 16195423 16195475 16195492 16195495 16195497 16195539 16195557
    [3553] 16195562 16195571 16195590 16195648 16195834 16195849 16195854 16195883
    [3561] 16195907 16195926 16195929 16195956 16195959 16195967 16195990 16196012
    [3569] 16196015 16196063 16196073 16196081 16196089 16196100 16196126 16196160
    [3577] 16196162 16196163 16196167 16196168 16196191 16196194 16196195 16196260
    [3585] 16196302 16196328 16196367 16196379 16196382 16196395 16196684 16196685
    [3593] 16196845 16196852 16196924 16196935 16197160 16229854 16236314 16236316
    [3601] 16237010 16238152 16238263 16239610 16240702 16241391 16241464 16242056
    [3609] 16242346 16244852 16244880 16244947 16245620 16248125 16248363 16250657
    [3617] 16282104 16285260 16287162 16294702 16295302 16335101 16351936 16373551
    [3625] 16396759 16397279 16400050 16400218 16400549 16400689 16400934 16401256
    [3633] 16401695 16402079 16403714 16411376 16413681 16413721 16436605 16436607
    [3641] 16448838 16465914 16543799 16552459 16573308 16583574 16648394 16681757
    [3649] 16681822 16681899 16681904 16681936 16681941 16682008 16682235 16682254
    [3657] 16682256 16682264 16682272 16682344 16682393 16682470 16682556 16682610
    [3665] 16745504 16745798 16745800 16745860 16746118 16746146 16746298 16746412
    [3673] 16746427 16746497 16746510 16746597 16798171 16798261 16799150 16799172
    [3681] 16799516 16799546 16799952 16805989 16806296 16806361 16806774 16806775
    [3689] 16806776 16806777 16808590 16808641 16808718 16808857 16812364 16812948
    [3697] 16813582 16822438 16829983 17028316 17123417 17252813 17271171 17366951
    [3705] 17367431 17367794 17367805 17367826 17384904 17442451 17557134 17564458
    [3713] 17574557 17576436 17577457 17838287 18083820 18106904 18109223 18127589
    [3721] 18562411 18564027 18573120 18573256 18573262 18573457 18573487 18573514
    [3729] 18573637 18575107 18575349 18575622 18577441 18577609 18577934 18578197
    [3737] 18578238 18578621 18581489 18581701 18581809 18773922 19653821 20833062
    [3745] 20846859 20855298 20857484 20861057 20888974 20890963 20899308 20911432
    [3753] 20919726 20920439 20921518 20925913 20925940 20953769 20953899 20956349
    [3761] 20956353 20961335 22422668 22430385 22512709 22549616 23288286 23350906
    [3769] 23581797 23603499 23640892 23640901 23641095 23723160 23723173 23723244
    [3777] 23723259 23723290 23723361 23723411 23723428 23723462 23723465 23723488
    [3785] 23723514 23723545 23723600 23723620 23723651 23723659 23723660 23723714
    [3793] 23723808 23723840 23723842 23723843 23723846 23723925 23723951 23723960
    [3801] 23723964 23724027 23724036 23724040 23724130 23724172 23724206 23724207
    [3809] 23724249 23724261 23724288 23724305 23724317 23724342 23724346 23724408
    [3817] 23724416 23724418 23724422 24686235 24686342 24686701 24686729 24686745
    [3825] 24686872 24686883 24687022 24687249 24687313 24687664 24687695 24687832
    [3833] 24746788 24746808 24746849 24746883 24746931 24746984 24747033 24747095
    [3841] 24747116 24747120 24747289 24747354 24747369 24747446 24747678 24747745
    [3849] 24747757 24747785 24747810 24761055 24761135 24761146 24761154 24761158
    [3857] 24761168 24761361 24761362 24761368 24761406 24761408 24761418 24761441
    [3865] 24761551 24761597 24761605 24761953 24761957 24762041 24762043 24762053
    [3873] 24762079 24789333 24789726 24789739 24789747 24789749 24789755 24789827
    [3881] 24789846 24789901 24789931 24790040 24790245 24790388 24790460 24790586
    [3889] 24790624 24790652 24790877 24790921 24791021 24791027 24791029 24791043
    [3897] 24791044 24791085 24791108 24791219 24791248 24791272 24791278 24791440
    [3905] 24792504 24792615 24792784 24793139 24793222 24793262 24793585 24794015
    [3913] 24794163 24816580 24816637 24816646 24816814 24816911 24817139 24817414
    [3921] 24817513 24817582 24817618 24818024 24818123 24818137 24818201 24818377
    [3929] 24818389 24818568 24818878 24818940 24818953 24819113 24819184 24819475
    [3937] 24819692 24819700 24819701 24819977 24820021 24891762 24891794 24891800
    [3945] 24891894 24891910 24891914 24891921 24891957 24891969 24892000 24892017
    [3953] 24892023 24892025 24892027 24892055 24892073 24892075 24892077 24892090
    [3961] 24892110 24892116 24892118 24892154 24892157 24892167 24892180 24892199
    [3969] 24892210 24892245 24892253 24892280 24892411 24892413 24892427 24892429
    [3977] 24892493 24892527 24892534 24892570 24892571 24892573 24892577 24892599
    [3985] 24892608 24892620 24892629 24892636 24892638 24892642 24892653 24892677
    [3993] 24892689 24892701 24978573 24978623 24978630 24978827 24978959 24979080
    [4001] 24979092 24979183 24979204 24979309 24979352 24979370 24979445 24979581
    [4009] 24979627 24979648 24979681 24979685 24979965 24979975 24980059 24980136
    [4017] 24980219 24980285 24980314 24980351 24980420 24980507 24980516 24980571
    [4025] 24980821 24980863 24981050 24981073 24981103 24981243 24981266 24981299
    [4033] 24981309 24981334 24981344 24981446 24981595 24981798 24981827 24981921
    [4041] 24982027 24982112 24982197 24982416 24982438 24982454 24982541 24982632
    [4049] 24982696 24982874 24983194 25237242 25237304 45105555 46372179 46498053
    [4057] 54679928 54685843 56642840 56642874 56642875 56642931 56642953
    >
    >
    >
    > cleanEx()
    Error: connections left open:
     h$value() (textConnection)
    Execution halted
Flavor: r-devel-windows-ix86+x86_64