Last updated on 2023-11-28 23:04:49 CET.
Flavor | Version | Tinstall | Tcheck | Ttotal | Status | Flags |
---|---|---|---|---|---|---|
r-devel-linux-x86_64-debian-clang | 0.2.0 | 29.99 | 30.39 | 60.38 | WARN | |
r-devel-linux-x86_64-debian-gcc | 0.2.0 | 25.82 | 23.33 | 49.15 | NOTE | |
r-devel-linux-x86_64-fedora-clang | 0.2.0 | 97.11 | WARN | |||
r-devel-linux-x86_64-fedora-gcc | 0.2.0 | 90.09 | NOTE | |||
r-devel-windows-x86_64 | 0.2.0 | 28.00 | 65.00 | 93.00 | NOTE | |
r-patched-linux-x86_64 | 0.2.0 | 30.86 | 29.97 | 60.83 | NOTE | |
r-release-linux-x86_64 | 0.2.0 | 30.41 | 29.65 | 60.06 | NOTE | |
r-release-macos-arm64 | 0.2.0 | 27.00 | NOTE | |||
r-release-macos-x86_64 | 0.2.0 | 43.00 | NOTE | |||
r-release-windows-x86_64 | 0.2.0 | 38.00 | 68.00 | 106.00 | NOTE | |
r-oldrel-macos-arm64 | 0.2.0 | 28.00 | OK | |||
r-oldrel-macos-x86_64 | 0.2.0 | 37.00 | OK | |||
r-oldrel-windows-x86_64 | 0.2.0 | 35.00 | 70.00 | 105.00 | OK |
Version: 0.2.0
Check: whether package can be installed
Result: WARN
Found the following significant warnings:
RcppExports.cpp:48:18: warning: format string is not a string literal (potentially insecure) [-Wformat-security]
See ‘/home/hornik/tmp/R.check/r-devel-clang/Work/PKGS/rrum.Rcheck/00install.out’ for details.
* used C++ compiler: ‘Debian clang version 17.0.5 (1)’
Flavor: r-devel-linux-x86_64-debian-clang
Version: 0.2.0
Check: C++ specification
Result: NOTE
Specified C++11: please drop specification unless essential
Flavors: r-devel-linux-x86_64-debian-clang, r-devel-linux-x86_64-debian-gcc, r-devel-linux-x86_64-fedora-clang, r-devel-linux-x86_64-fedora-gcc, r-devel-windows-x86_64, r-patched-linux-x86_64, r-release-linux-x86_64, r-release-macos-arm64, r-release-macos-x86_64, r-release-windows-x86_64
Version: 0.2.0
Check: Rd \usage sections
Result: NOTE
Documented arguments not in \usage in Rd file 'rrum_helper.Rd':
‘deltas’
Functions with \usage entries need to have the appropriate \alias
entries, and all their arguments documented.
The \usage entries must correspond to syntactically valid R code.
See chapter ‘Writing R documentation files’ in the ‘Writing R
Extensions’ manual.
Flavors: r-devel-linux-x86_64-debian-clang, r-devel-linux-x86_64-debian-gcc, r-devel-linux-x86_64-fedora-clang, r-devel-linux-x86_64-fedora-gcc, r-devel-windows-x86_64
Version: 0.2.0
Check: whether package can be installed
Result: WARN
Found the following significant warnings:
RcppExports.cpp:48:18: warning: format string is not a string literal (potentially insecure) [-Wformat-security]
See ‘/data/gannet/ripley/R/packages/tests-clang/rrum.Rcheck/00install.out’ for details.
* used C++ compiler: ‘clang version 17.0.5’
Flavor: r-devel-linux-x86_64-fedora-clang