CRAN Package Check Results for Package rscontract

Last updated on 2024-04-15 23:10:15 CEST.

Flavor Version Tinstall Tcheck Ttotal Status Flags
r-devel-linux-x86_64-debian-clang 0.1.2 2.24 23.71 25.95 NOTE
r-devel-linux-x86_64-debian-gcc 0.1.2 1.47 18.01 19.48 NOTE
r-devel-linux-x86_64-fedora-clang 0.1.2 32.21 NOTE
r-devel-linux-x86_64-fedora-gcc 0.1.2 31.43 NOTE
r-prerel-macos-arm64 0.1.2 15.00 NOTE
r-prerel-windows-x86_64 0.1.2 3.00 40.00 43.00 NOTE
r-patched-linux-x86_64 0.1.2 1.91 23.17 25.08 NOTE
r-release-linux-x86_64 0.1.2 2.17 22.94 25.11 NOTE
r-release-macos-arm64 0.1.2 15.00 NOTE
r-release-macos-x86_64 0.1.2 20.00 NOTE
r-release-windows-x86_64 0.1.2 2.00 39.00 41.00 NOTE
r-oldrel-macos-arm64 0.1.2 16.00 NOTE
r-oldrel-windows-x86_64 0.1.2 4.00 44.00 48.00 NOTE

Check Details

Version: 0.1.2
Check: LazyData
Result: NOTE 'LazyData' is specified without a 'data' directory Flavors: r-devel-linux-x86_64-debian-clang, r-devel-linux-x86_64-debian-gcc, r-devel-linux-x86_64-fedora-clang, r-devel-linux-x86_64-fedora-gcc, r-prerel-macos-arm64, r-prerel-windows-x86_64, r-patched-linux-x86_64, r-release-linux-x86_64, r-release-macos-arm64, r-release-macos-x86_64, r-release-windows-x86_64, r-oldrel-macos-arm64, r-oldrel-windows-x86_64