CRAN Package Check Results for Package rscontract

Last updated on 2021-04-12 22:51:14 CEST.

Flavor Version Tinstall Tcheck Ttotal Status Flags
r-devel-linux-x86_64-debian-clang 0.1.2 2.18 22.25 24.43 NOTE
r-devel-linux-x86_64-debian-gcc 0.1.2 1.52 17.65 19.17 NOTE
r-devel-linux-x86_64-fedora-clang 0.1.2 39.57 NOTE
r-devel-linux-x86_64-fedora-gcc 0.1.2 29.14 NOTE
r-devel-windows-ix86+x86_64 0.1.2 5.00 39.00 44.00 NOTE
r-devel-windows-x86_64-gcc10-UCRT 0.1.2 NOTE
r-patched-linux-x86_64 0.1.2 2.18 21.48 23.66 OK
r-patched-solaris-x86 0.1.2 46.40 OK
r-release-linux-x86_64 0.1.2 1.79 21.39 23.18 OK
r-release-macos-x86_64 0.1.2 OK
r-release-windows-ix86+x86_64 0.1.2 5.00 42.00 47.00 OK
r-oldrel-macos-x86_64 0.1.2 OK
r-oldrel-windows-ix86+x86_64 0.1.2 5.00 26.00 31.00 OK

Check Details

Version: 0.1.2
Check: LazyData
Result: NOTE
     'LazyData' is specified without a 'data' directory
Flavors: r-devel-linux-x86_64-debian-clang, r-devel-linux-x86_64-debian-gcc, r-devel-linux-x86_64-fedora-clang, r-devel-linux-x86_64-fedora-gcc, r-devel-windows-ix86+x86_64, r-devel-windows-x86_64-gcc10-UCRT