CRAN Package Check Results for Package rsinaica

Last updated on 2021-04-12 22:51:14 CEST.

Flavor Version Tinstall Tcheck Ttotal Status Flags
r-devel-linux-x86_64-debian-clang 0.6.1 6.34 57.14 63.48 OK
r-devel-linux-x86_64-debian-gcc 0.6.1 4.59 42.62 47.21 OK
r-devel-linux-x86_64-fedora-clang 0.6.1 84.41 NOTE
r-devel-linux-x86_64-fedora-gcc 0.6.1 71.42 NOTE
r-devel-windows-ix86+x86_64 0.6.1 15.00 79.00 94.00 OK
r-devel-windows-x86_64-gcc10-UCRT 0.6.1 NOTE
r-patched-linux-x86_64 0.6.1 6.12 52.48 58.60 OK
r-patched-solaris-x86 0.6.1 106.70 NOTE
r-release-linux-x86_64 0.6.1 5.53 52.65 58.18 OK
r-release-macos-x86_64 0.6.1 NOTE
r-release-windows-ix86+x86_64 0.6.1 23.00 84.00 107.00 OK
r-oldrel-macos-x86_64 0.6.1 NOTE
r-oldrel-windows-ix86+x86_64 0.6.1 11.00 53.00 64.00 OK

Check Details

Version: 0.6.1
Check: data for non-ASCII characters
Result: NOTE
     Note: found 467 marked UTF-8 strings
Flavors: r-devel-linux-x86_64-fedora-clang, r-devel-linux-x86_64-fedora-gcc, r-devel-windows-x86_64-gcc10-UCRT, r-patched-solaris-x86, r-release-macos-x86_64, r-oldrel-macos-x86_64