Last updated on 2023-09-26 23:04:24 CEST.
Flavor | Version | Tinstall | Tcheck | Ttotal | Status | Flags |
---|---|---|---|---|---|---|
r-devel-linux-x86_64-debian-clang | 0.5.1 | 207.53 | 166.90 | 374.43 | NOTE | |
r-devel-linux-x86_64-debian-gcc | 0.5.1 | 152.12 | 120.21 | 272.33 | NOTE | |
r-devel-linux-x86_64-fedora-clang | 0.5.1 | 553.22 | NOTE | |||
r-devel-linux-x86_64-fedora-gcc | 0.5.1 | 536.65 | NOTE | |||
r-devel-windows-x86_64 | 0.5.1 | 176.00 | 158.00 | 334.00 | NOTE | |
r-patched-linux-x86_64 | 0.5.1 | 208.32 | 159.05 | 367.37 | NOTE | |
r-release-linux-x86_64 | 0.5.1 | 210.90 | 158.52 | 369.42 | NOTE | |
r-release-macos-arm64 | 0.5.1 | 135.00 | NOTE | |||
r-release-macos-x86_64 | 0.5.1 | 229.00 | NOTE | |||
r-release-windows-x86_64 | 0.5.1 | 220.00 | 186.00 | 406.00 | NOTE | |
r-oldrel-macos-arm64 | 0.5.1 | 125.00 | NOTE | |||
r-oldrel-macos-x86_64 | 0.5.1 | 153.00 | NOTE | |||
r-oldrel-windows-x86_64 | 0.5.1 | 203.00 | 174.00 | 377.00 | OK |
Version: 0.5.1
Check: C++ specification
Result: NOTE
Specified C++11: please drop specification unless essential
Flavors: r-devel-linux-x86_64-debian-clang, r-devel-linux-x86_64-debian-gcc, r-devel-linux-x86_64-fedora-clang, r-devel-linux-x86_64-fedora-gcc, r-devel-windows-x86_64, r-patched-linux-x86_64, r-release-linux-x86_64, r-release-macos-arm64, r-release-macos-x86_64, r-release-windows-x86_64
Version: 0.5.1
Check: whether startup messages can be suppressed
Result: NOTE
OMP: Warning #96: Cannot form a team with 24 threads, using 2 instead.
OMP: Hint Consider unsetting KMP_DEVICE_THREAD_LIMIT (KMP_ALL_THREADS), KMP_TEAMS_THREAD_LIMIT, and OMP_THREAD_LIMIT (if any are set).
It looks like this package (or a package it requires) has a startup
message which cannot be suppressed: see ?packageStartupMessage.
Flavor: r-devel-linux-x86_64-fedora-clang
Version: 0.5.1
Check: dependencies in R code
Result: NOTE
Namespace in Imports field not imported from: ‘MatrixExtra’
All declared Imports should be used.
Flavors: r-devel-linux-x86_64-fedora-clang, r-devel-linux-x86_64-fedora-gcc, r-oldrel-macos-arm64, r-oldrel-macos-x86_64
Version: 0.5.1
Check: installed package size
Result: NOTE
installed size is 10.0Mb
sub-directories of 1Mb or more:
libs 9.2Mb
Flavors: r-release-macos-arm64, r-release-macos-x86_64, r-oldrel-macos-arm64, r-oldrel-macos-x86_64