CRAN Package Check Results for Package rsppfp

Last updated on 2021-04-16 22:51:11 CEST.

Flavor Version Tinstall Tcheck Ttotal Status Flags
r-devel-linux-x86_64-debian-clang 1.0.4 4.91 65.70 70.61 NOTE
r-devel-linux-x86_64-debian-gcc 1.0.4 3.75 48.96 52.71 NOTE
r-devel-linux-x86_64-fedora-clang 1.0.4 92.05 NOTE
r-devel-linux-x86_64-fedora-gcc 1.0.4 81.64 NOTE
r-devel-windows-ix86+x86_64 1.0.4 13.00 86.00 99.00 NOTE
r-devel-windows-x86_64-gcc10-UCRT 1.0.4 NOTE
r-patched-linux-x86_64 1.0.4 4.62 61.33 65.95 OK
r-patched-solaris-x86 1.0.4 152.30 OK
r-release-linux-x86_64 1.0.4 4.86 62.10 66.96 OK
r-release-macos-x86_64 1.0.4 OK
r-release-windows-ix86+x86_64 1.0.4 14.00 100.00 114.00 OK
r-oldrel-macos-x86_64 1.0.4 OK
r-oldrel-windows-ix86+x86_64 1.0.4 8.00 95.00 103.00 OK

Check Details

Version: 1.0.4
Check: LazyData
Result: NOTE
     'LazyData' is specified without a 'data' directory
Flavors: r-devel-linux-x86_64-debian-clang, r-devel-linux-x86_64-debian-gcc, r-devel-linux-x86_64-fedora-clang, r-devel-linux-x86_64-fedora-gcc, r-devel-windows-ix86+x86_64, r-devel-windows-x86_64-gcc10-UCRT